CRAN Package Check Results for Package BayesMAMS

Last updated on 2018-02-26 03:48:44 CET.

Flavor Version Tinstall Tcheck Ttotal Status Flags
r-devel-linux-x86_64-debian-clang 0.1 0.96 22.23 23.19 OK
r-devel-linux-x86_64-debian-gcc 0.1 0.74 19.23 19.97 OK
r-devel-linux-x86_64-fedora-clang 0.1 31.88 OK
r-devel-linux-x86_64-fedora-gcc 0.1 33.70 OK
r-devel-windows-ix86+x86_64 0.1 5.00 54.00 59.00 OK
r-patched-linux-x86_64 0.1 0.68 27.09 27.77 OK
r-patched-solaris-x86 0.1 45.90 OK
r-release-linux-x86_64 0.1 0.67 26.56 27.23 OK
r-release-windows-ix86+x86_64 0.1 3.00 52.00 55.00 OK
r-release-osx-x86_64 0.1 WARN
r-oldrel-windows-ix86+x86_64 0.1 3.00 38.00 41.00 OK
r-oldrel-osx-x86_64 0.1 OK

Check Details

Version: 0.1
Check: re-building of vignette outputs
Result: WARN
    Error in re-building vignettes:
     ...
    Warning: running command 'kpsewhich framed.sty' had status 1
    Warning in test_latex_pkg("framed", system.file("misc", "framed.sty", package = "knitr")) :
     unable to find LaTeX package 'framed'; will use a copy from knitr
     ********** MAMS Version 1.01**********
    
    Type MAMSNews() to see new features/changes/bug fixes.
    
    Error in texi2dvi(file = file, pdf = TRUE, clean = clean, quiet = quiet, :
     Running 'texi2dvi' on 'BayesFreq.tex' failed.
    LaTeX errors:
    ! LaTeX Error: File `doi.sty' not found.
    
    Type X to quit or <RETURN> to proceed,
    or enter new name. (Default extension: sty)
    
    ! Emergency stop.
    <read *>
    
    l.56 \usepackage
     {parskip}^^M
    ! ==> Fatal error occurred, no output PDF file produced!
    Calls: buildVignettes -> texi2pdf -> texi2dvi
    Execution halted
Flavor: r-release-osx-x86_64