CRAN Package Check Results for Package BayesNetBP

Last updated on 2018-05-23 12:48:00 CEST.

Flavor Version Tinstall Tcheck Ttotal Status Flags
r-devel-linux-x86_64-debian-clang 1.3.0 14.54 169.72 184.26 OK
r-devel-linux-x86_64-debian-gcc 1.3.0 0.25 1.34 1.59 ERROR
r-devel-linux-x86_64-fedora-clang 1.3.0 232.75 OK
r-devel-linux-x86_64-fedora-gcc 1.3.0 237.02 OK
r-devel-windows-ix86+x86_64 1.3.0 26.00 231.00 257.00 OK
r-patched-linux-x86_64 1.3.0 13.51 138.53 152.04 OK
r-patched-solaris-x86 1.3.0 291.40 OK
r-release-linux-x86_64 1.3.0 10.40 135.24 145.64 OK
r-release-windows-ix86+x86_64 1.3.0 34.00 190.00 224.00 OK
r-release-osx-x86_64 1.3.0 OK
r-oldrel-windows-ix86+x86_64 1.3.0 27.00 218.00 245.00 OK
r-oldrel-osx-x86_64 1.3.0 OK

Check Details

Version: 1.3.0
Check: package dependencies
Result: ERROR
    Package required but not available: ‘doBy’
    
    See section ‘The DESCRIPTION file’ in the ‘Writing R Extensions’
    manual.
Flavor: r-devel-linux-x86_64-debian-gcc