CRAN Package Check Results for Package BayesPostEst

Last updated on 2019-10-21 01:46:29 CEST.

Flavor Version Tinstall Tcheck Ttotal Status Flags
r-devel-linux-x86_64-debian-clang 0.1.0 6.15 304.61 310.76 OK
r-devel-linux-x86_64-debian-gcc 0.1.0 5.52 230.52 236.04 OK
r-devel-linux-x86_64-fedora-clang 0.1.0 353.58 NOTE
r-devel-linux-x86_64-fedora-gcc 0.1.0 380.90 NOTE
r-devel-windows-ix86+x86_64 0.1.0 18.00 288.00 306.00 OK
r-patched-linux-x86_64 0.1.0 5.58 284.63 290.21 OK
r-patched-solaris-x86 0.1.0 478.60 NOTE
r-release-linux-x86_64 0.1.0 5.91 287.16 293.07 OK
r-release-windows-ix86+x86_64 0.1.0 26.00 358.00 384.00 OK
r-release-osx-x86_64 0.1.0 NOTE
r-oldrel-windows-ix86+x86_64 0.1.0 9.00 263.00 272.00 OK
r-oldrel-osx-x86_64 0.1.0 NOTE

Check Details

Version: 0.1.0
Check: dependencies in R code
Result: NOTE
    Namespaces in Imports field not imported from:
     ‘carData’ ‘runjags’
     All declared Imports should be used.
Flavors: r-devel-linux-x86_64-fedora-clang, r-devel-linux-x86_64-fedora-gcc, r-patched-solaris-x86, r-release-osx-x86_64, r-oldrel-osx-x86_64