CRAN Package Check Results for Package BayesProject

Last updated on 2022-05-28 22:55:03 CEST.

Flavor Version Tinstall Tcheck Ttotal Status Flags
r-devel-linux-x86_64-debian-clang 1.0 33.26 41.32 74.58 OK
r-devel-linux-x86_64-debian-gcc 1.0 23.97 32.79 56.76 OK
r-devel-linux-x86_64-fedora-clang 1.0 98.79 NOTE
r-devel-linux-x86_64-fedora-gcc 1.0 89.78 OK
r-devel-windows-x86_64 1.0 42.00 74.00 116.00 OK
r-patched-linux-x86_64 1.0 30.19 41.64 71.83 OK
r-release-linux-x86_64 1.0 27.39 40.46 67.85 OK
r-release-macos-arm64 1.0 30.00 NOTE
r-release-macos-x86_64 1.0 36.00 NOTE
r-release-windows-x86_64 1.0 46.00 78.00 124.00 OK
r-oldrel-macos-arm64 1.0 37.00 NOTE
r-oldrel-macos-x86_64 1.0 50.00 NOTE
r-oldrel-windows-ix86+x86_64 1.0 76.00 81.00 157.00 OK

Check Details

Version: 1.0
Check: installed package size
Result: NOTE
     installed size is 6.8Mb
     sub-directories of 1Mb or more:
     libs 6.7Mb
Flavors: r-devel-linux-x86_64-fedora-clang, r-release-macos-arm64, r-release-macos-x86_64, r-oldrel-macos-arm64, r-oldrel-macos-x86_64