Last updated on 2025-06-19 07:49:16 CEST.
Flavor | Version | Tinstall | Tcheck | Ttotal | Status | Flags |
---|---|---|---|---|---|---|
r-devel-linux-x86_64-debian-clang | 2.2 | 96.54 | 147.56 | 244.10 | NOTE | |
r-devel-linux-x86_64-debian-gcc | 2.2 | 69.61 | 99.55 | 169.16 | NOTE | |
r-devel-linux-x86_64-fedora-clang | 2.2 | 416.07 | NOTE | |||
r-devel-linux-x86_64-fedora-gcc | 2.2 | 430.29 | NOTE | |||
r-devel-windows-x86_64 | 2.2 | 108.00 | 186.00 | 294.00 | NOTE | |
r-patched-linux-x86_64 | 2.2 | 100.67 | 133.07 | 233.74 | NOTE | |
r-release-linux-x86_64 | 2.2 | 105.89 | 131.82 | 237.71 | NOTE | |
r-release-macos-arm64 | 2.2 | 141.00 | NOTE | |||
r-release-macos-x86_64 | 2.2 | 217.00 | NOTE | |||
r-release-windows-x86_64 | 2.2 | 112.00 | 184.00 | 296.00 | NOTE | |
r-oldrel-macos-arm64 | 2.2 | 114.00 | NOTE | |||
r-oldrel-macos-x86_64 | 2.2 | 176.00 | NOTE | |||
r-oldrel-windows-x86_64 | 2.2 | 129.00 | 217.00 | 346.00 | NOTE |
Version: 2.2
Check: C++ specification
Result: NOTE
Specified C++11: please drop specification unless essential
Flavors: r-devel-linux-x86_64-debian-clang, r-devel-linux-x86_64-debian-gcc, r-devel-linux-x86_64-fedora-clang, r-devel-linux-x86_64-fedora-gcc, r-devel-windows-x86_64, r-patched-linux-x86_64, r-release-linux-x86_64, r-release-macos-arm64, r-release-macos-x86_64, r-release-windows-x86_64, r-oldrel-macos-arm64, r-oldrel-macos-x86_64, r-oldrel-windows-x86_64
Version: 2.2
Check: installed package size
Result: NOTE
installed size is 8.1Mb
sub-directories of 1Mb or more:
libs 7.5Mb
Flavors: r-oldrel-macos-arm64, r-oldrel-macos-x86_64