CRAN Package Check Results for Package BayesSPsurv

Last updated on 2021-01-25 01:46:45 CET.

Flavor Version Tinstall Tcheck Ttotal Status Flags
r-devel-linux-x86_64-debian-clang 0.1.2 55.75 109.15 164.90 OK
r-devel-linux-x86_64-debian-gcc 0.1.2 38.86 82.87 121.73 OK
r-devel-linux-x86_64-fedora-clang 0.1.2 218.15 NOTE
r-devel-linux-x86_64-fedora-gcc 0.1.2 203.08 NOTE
r-devel-windows-ix86+x86_64 0.1.2 132.00 178.00 310.00 OK
r-patched-linux-x86_64 0.1.2 47.05 100.36 147.41 OK
r-patched-solaris-x86 0.1.2 248.40 NOTE
r-release-linux-x86_64 0.1.2 44.77 99.80 144.57 OK
r-release-macos-x86_64 0.1.2 NOTE
r-release-windows-ix86+x86_64 0.1.2 123.00 188.00 311.00 OK
r-oldrel-macos-x86_64 0.1.2 NOTE
r-oldrel-windows-ix86+x86_64 0.1.2 100.00 143.00 243.00 OK

Check Details

Version: 0.1.2
Check: dependencies in R code
Result: NOTE
    Namespace in Imports field not imported from: ‘Rcpp’
     All declared Imports should be used.
Flavors: r-devel-linux-x86_64-fedora-clang, r-devel-linux-x86_64-fedora-gcc, r-patched-solaris-x86, r-release-macos-x86_64, r-oldrel-macos-x86_64