CRAN Package Check Results for Package BayesSampling

Last updated on 2023-12-05 11:52:33 CET.

Flavor Version Tinstall Tcheck Ttotal Status Flags
r-devel-linux-x86_64-debian-clang 1.1.0 9.18 89.79 98.97 OK
r-devel-linux-x86_64-debian-gcc 1.1.0 7.17 63.80 70.97 OK
r-devel-linux-x86_64-fedora-clang 1.1.0 122.43 NOTE
r-devel-linux-x86_64-fedora-gcc 1.1.0 133.27 NOTE
r-devel-windows-x86_64 1.1.0 8.00 91.00 99.00 OK
r-patched-linux-x86_64 1.1.0 8.27 88.57 96.84 OK
r-release-linux-x86_64 1.1.0 8.50 88.88 97.38 OK
r-release-macos-arm64 1.1.0 53.00 OK
r-release-macos-x86_64 1.1.0 91.00 OK
r-release-windows-x86_64 1.1.0 8.00 99.00 107.00 OK
r-oldrel-macos-arm64 1.1.0 45.00 OK
r-oldrel-macos-x86_64 1.1.0 61.00 NOTE
r-oldrel-windows-x86_64 1.1.0 10.00 96.00 106.00 OK

Check Details

Version: 1.1.0
Check: dependencies in R code
Result: NOTE Namespaces in Imports field not imported from: ‘MASS’ ‘Matrix’ ‘matrixcalc’ ‘stats’ All declared Imports should be used. Flavors: r-devel-linux-x86_64-fedora-clang, r-devel-linux-x86_64-fedora-gcc, r-oldrel-macos-x86_64