CRAN Package Check Results for Package BayesVarSel

Last updated on 2022-12-01 16:51:38 CET.

Flavor Version Tinstall Tcheck Ttotal Status Flags
r-devel-linux-x86_64-debian-clang 2.2.3 15.53 52.09 67.62 OK
r-devel-linux-x86_64-debian-gcc 2.2.3 13.28 39.38 52.66 OK
r-devel-linux-x86_64-fedora-clang 2.2.3 98.61 NOTE
r-devel-linux-x86_64-fedora-gcc 2.2.3 99.54 NOTE
r-devel-windows-x86_64 2.2.3 65.00 88.00 153.00 OK
r-patched-linux-x86_64 2.2.3 19.30 47.86 67.16 OK
r-release-linux-x86_64 2.2.3 17.57 47.42 64.99 OK
r-release-macos-arm64 2.0.1 37.00 NOTE
r-release-macos-x86_64 2.2.3 37.00 NOTE
r-release-windows-x86_64 2.2.3 57.00 86.00 143.00 OK
r-oldrel-macos-arm64 2.0.1 109.00 NOTE
r-oldrel-macos-x86_64 2.2.3 40.00 NOTE
r-oldrel-windows-ix86+x86_64 2.2.3 43.00 105.00 148.00 OK

Check Details

Version: 2.2.3
Check: data for non-ASCII characters
Result: NOTE
     Note: found 385 marked UTF-8 strings
Flavors: r-devel-linux-x86_64-fedora-clang, r-devel-linux-x86_64-fedora-gcc, r-release-macos-x86_64, r-oldrel-macos-x86_64

Version: 2.0.1
Check: installed package size
Result: NOTE
     installed size is 6.6Mb
     sub-directories of 1Mb or more:
     doc 2.7Mb
     libs 3.5Mb
Flavors: r-release-macos-arm64, r-oldrel-macos-arm64