CRAN Package Check Results for Package BayesianFROC

Last updated on 2019-08-25 21:47:55 CEST.

Flavor Version Tinstall Tcheck Ttotal Status Flags
r-devel-linux-x86_64-debian-clang 0.1.5 17.35 114.01 131.36 OK
r-devel-linux-x86_64-debian-gcc 0.1.5 15.63 89.22 104.85 OK
r-devel-linux-x86_64-fedora-clang 0.1.5 159.05 NOTE
r-devel-linux-x86_64-fedora-gcc 0.1.5 155.61 OK
r-devel-windows-ix86+x86_64 0.1.5 52.00 184.00 236.00 NOTE
r-patched-linux-x86_64 0.1.5 16.71 112.86 129.57 OK
r-patched-solaris-x86 0.1.5 232.50 NOTE
r-release-linux-x86_64 0.1.5 20.25 113.59 133.84 OK
r-release-windows-ix86+x86_64 0.1.5 62.00 180.00 242.00 OK
r-release-osx-x86_64 0.1.5 OK
r-oldrel-windows-ix86+x86_64 0.1.5 36.00 162.00 198.00 OK
r-oldrel-osx-x86_64 0.1.5 OK

Check Details

Version: 0.1.5
Check: installed package size
Result: NOTE
     installed size is 5.0Mb
     sub-directories of 1Mb or more:
     doc 1.6Mb
     extdata 1.6Mb
Flavors: r-devel-linux-x86_64-fedora-clang, r-devel-windows-ix86+x86_64, r-patched-solaris-x86