CRAN Package Check Results for Package BayesianNetwork

Last updated on 2018-05-22 15:48:20 CEST.

Flavor Version Tinstall Tcheck Ttotal Status Flags
r-devel-linux-x86_64-debian-clang 0.1.3 7.09 86.55 93.64 OK
r-devel-linux-x86_64-debian-gcc 0.1.3 5.36 67.89 73.25 OK
r-devel-linux-x86_64-fedora-clang 0.1.3 117.45 OK
r-devel-linux-x86_64-fedora-gcc 0.1.3 119.46 OK
r-devel-windows-ix86+x86_64 0.1.3 15.00 147.00 162.00 OK
r-patched-linux-x86_64 0.1.3 6.16 74.85 81.01 OK
r-patched-solaris-x86 0.1.3 144.80 OK
r-release-linux-x86_64 0.1.3 5.58 73.05 78.63 OK
r-release-windows-ix86+x86_64 0.1.3 13.00 148.00 161.00 OK
r-release-osx-x86_64 0.1.3 OK
r-oldrel-windows-ix86+x86_64 0.1.3 18.00 139.00 157.00 OK
r-oldrel-osx-x86_64 0.1.3 WARN

Check Details

Version: 0.1.3
Check: whether package can be installed
Result: WARN
    Found the following significant warnings:
     Warning: Installed Rcpp (0.12.12) different from Rcpp used to build dplyr (0.12.11).
Flavor: r-oldrel-osx-x86_64