CRAN Package Check Results for Package BayesianNetwork

Last updated on 2018-08-21 06:49:57 CEST.

Flavor Version Tinstall Tcheck Ttotal Status Flags
r-devel-linux-x86_64-debian-clang 0.1.3 7.33 90.14 97.47 OK
r-devel-linux-x86_64-debian-gcc 0.1.3 6.30 71.30 77.60 OK
r-devel-linux-x86_64-fedora-clang 0.1.3 112.39 OK
r-devel-linux-x86_64-fedora-gcc 0.1.3 112.27 OK
r-devel-windows-ix86+x86_64 0.1.3 23.00 161.00 184.00 OK
r-patched-linux-x86_64 0.1.3 6.29 74.90 81.19 OK
r-patched-solaris-x86 0.1.3 154.80 OK
r-release-linux-x86_64 0.1.3 5.23 74.80 80.03 OK
r-release-windows-ix86+x86_64 0.1.3 27.00 103.00 130.00 OK
r-release-osx-x86_64 0.1.3 OK
r-oldrel-windows-ix86+x86_64 0.1.3 13.00 94.00 107.00 OK
r-oldrel-osx-x86_64 0.1.3 WARN

Check Details

Version: 0.1.3
Check: whether package can be installed
Result: WARN
    Found the following significant warnings:
     Warning: Installed Rcpp (0.12.12) different from Rcpp used to build dplyr (0.12.11).
Flavor: r-oldrel-osx-x86_64