CRAN Package Check Results for Package BayesianNetwork

Last updated on 2018-02-23 10:48:05 CET.

Flavor Version Tinstall Tcheck Ttotal Status Flags
r-devel-linux-x86_64-debian-clang 0.1.3 5.64 64.85 70.49 OK
r-devel-linux-x86_64-debian-gcc 0.1.3 5.01 57.32 62.33 OK
r-devel-linux-x86_64-fedora-clang 0.1.3 98.15 OK
r-devel-linux-x86_64-fedora-gcc 0.1.3 105.26 OK
r-devel-windows-ix86+x86_64 0.1.3 19.00 130.00 149.00 OK
r-patched-linux-x86_64 0.1.3 5.34 74.00 79.34 OK
r-patched-solaris-x86 0.1.3 127.60 OK
r-release-linux-x86_64 0.1.3 4.96 73.37 78.33 OK
r-release-windows-ix86+x86_64 0.1.3 21.00 117.00 138.00 OK
r-release-osx-x86_64 0.1.3 WARN
r-oldrel-windows-ix86+x86_64 0.1.3 13.00 95.00 108.00 OK
r-oldrel-osx-x86_64 0.1.3 OK

Check Details

Version: 0.1.3
Check: whether package can be installed
Result: WARN
    Found the following significant warnings:
     Warning: Installed Rcpp (0.12.12) different from Rcpp used to build dplyr (0.12.11).
Flavor: r-release-osx-x86_64