CRAN Package Check Results for Package BayesianNetwork

Last updated on 2018-11-15 06:47:14 CET.

Flavor Version Tinstall Tcheck Ttotal Status Flags
r-devel-linux-x86_64-debian-clang 0.1.3 6.22 92.16 98.38 OK
r-devel-linux-x86_64-debian-gcc 0.1.3 6.64 72.41 79.05 OK
r-devel-linux-x86_64-fedora-clang 0.1.3 115.60 OK
r-devel-linux-x86_64-fedora-gcc 0.1.3 112.73 OK
r-devel-windows-ix86+x86_64 0.1.3 13.00 103.00 116.00 OK
r-patched-linux-x86_64 0.1.3 4.25 75.69 79.94 OK
r-patched-solaris-x86 0.1.3 152.10 OK
r-release-linux-x86_64 0.1.3 6.15 75.81 81.96 OK
r-release-windows-ix86+x86_64 0.1.3 22.00 103.00 125.00 OK
r-release-osx-x86_64 0.1.3 OK
r-oldrel-windows-ix86+x86_64 0.1.3 20.00 141.00 161.00 OK
r-oldrel-osx-x86_64 0.1.3 WARN

Check Details

Version: 0.1.3
Check: whether package can be installed
Result: WARN
    Found the following significant warnings:
     Warning: Installed Rcpp (0.12.12) different from Rcpp used to build dplyr (0.12.11).
Flavor: r-oldrel-osx-x86_64