CRAN Package Check Results for Package BayesianNetwork

Last updated on 2019-02-19 22:51:20 CET.

Flavor Version Tinstall Tcheck Ttotal Status Flags
r-devel-linux-x86_64-debian-clang 0.1.5 6.29 82.28 88.57 OK
r-devel-linux-x86_64-debian-gcc 0.1.5 5.95 63.39 69.34 OK
r-devel-linux-x86_64-fedora-clang 0.1.5 111.13 NOTE
r-devel-linux-x86_64-fedora-gcc 0.1.5 106.16 NOTE
r-devel-windows-ix86+x86_64 0.1.5 26.00 160.00 186.00 OK
r-patched-linux-x86_64 0.1.5 6.19 76.60 82.79 OK
r-patched-solaris-x86 0.1.5 163.10 NOTE
r-release-linux-x86_64 0.1.5 5.22 77.23 82.45 OK
r-release-windows-ix86+x86_64 0.1.5 13.00 156.00 169.00 OK
r-release-osx-x86_64 0.1.5 NOTE
r-oldrel-windows-ix86+x86_64 0.1.5 16.00 109.00 125.00 OK
r-oldrel-osx-x86_64 0.1.5 NOTE

Check Details

Version: 0.1.5
Check: dependencies in R code
Result: NOTE
    Namespaces in Imports field not imported from:
     ‘shinytest’ ‘testthat’
     All declared Imports should be used.
Flavors: r-devel-linux-x86_64-fedora-clang, r-devel-linux-x86_64-fedora-gcc, r-patched-solaris-x86, r-release-osx-x86_64, r-oldrel-osx-x86_64