CRAN Package Check Results for Package BayesianPlatformDesignTimeTrend

Last updated on 2024-06-17 01:48:25 CEST.

Flavor Version Tinstall Tcheck Ttotal Status Flags
r-devel-linux-x86_64-debian-clang 1.2.3 440.50 249.97 690.47 NOTE
r-devel-linux-x86_64-debian-gcc 1.2.3 365.81 205.83 571.64 NOTE
r-devel-linux-x86_64-fedora-clang 1.2.3 840.81 NOTE
r-devel-linux-x86_64-fedora-gcc 1.2.3 1086.26 NOTE
r-devel-windows-x86_64 1.2.3 301.00 236.00 537.00 NOTE
r-patched-linux-x86_64 1.2.3 369.03 273.02 642.05 NOTE
r-release-linux-x86_64 1.2.3 363.44 268.98 632.42 NOTE
r-release-macos-arm64 1.2.3 202.00 NOTE
r-release-macos-x86_64 1.2.3 240.00 NOTE
r-release-windows-x86_64 1.2.3 338.00 222.00 560.00 ERROR
r-oldrel-macos-arm64 1.2.3 142.00 NOTE
r-oldrel-macos-x86_64 1.2.3 172.00 NOTE
r-oldrel-windows-x86_64 1.2.3 330.00 292.00 622.00 NOTE

Check Details

Version: 1.2.3
Check: for GNU extensions in Makefiles
Result: NOTE GNU make is a SystemRequirements. Flavors: r-devel-linux-x86_64-debian-clang, r-devel-linux-x86_64-debian-gcc, r-devel-linux-x86_64-fedora-clang, r-devel-linux-x86_64-fedora-gcc, r-devel-windows-x86_64, r-patched-linux-x86_64, r-release-linux-x86_64, r-release-macos-arm64, r-release-macos-x86_64, r-release-windows-x86_64, r-oldrel-macos-arm64, r-oldrel-macos-x86_64, r-oldrel-windows-x86_64

Version: 1.2.3
Check: installed package size
Result: NOTE installed size is 8.1Mb sub-directories of 1Mb or more: data 1.3Mb help 1.9Mb libs 3.8Mb Flavors: r-devel-linux-x86_64-fedora-clang, r-devel-windows-x86_64, r-release-macos-arm64, r-release-macos-x86_64, r-release-windows-x86_64, r-oldrel-macos-arm64, r-oldrel-macos-x86_64, r-oldrel-windows-x86_64

Version: 1.2.3
Check: re-building of vignette outputs
Result: ERROR Error(s) in re-building vignettes: --- re-building 'MAMS-CutoffScreening-GP-Asymmetric-tutorial.Rmd' using rmarkdown --- finished re-building 'MAMS-CutoffScreening-GP-Asymmetric-tutorial.Rmd' --- re-building 'MAMS-CutoffScreening-GP-Symmetric-tutorial.Rmd' using rmarkdown Quitting from lines 161-193 [unnamed-chunk-3] (MAMS-CutoffScreening-GP-Symmetric-tutorial.Rmd) Error: processing vignette 'MAMS-CutoffScreening-GP-Symmetric-tutorial.Rmd' failed with diagnostics: ! Could not evaluate cli `{}` expression: `ordinal(i)`. Caused by error: ! cannot allocate vector of size 1 Kb --- failed re-building 'MAMS-CutoffScreening-GP-Symmetric-tutorial.Rmd' Fatal error: couldn't allocate node stack SUMMARY: processing the following files failed: 'MAMS-CutoffScreening-GP-Symmetric-tutorial.Rmd' 'MAMS-CutoffScreening-tutorial.Rmd' 'MAMS-trial-simulation-tutorial.Rmd' Error: Vignette re-building failed. Execution halted Flavor: r-release-windows-x86_64

Version: 1.2.3
Check: PDF version of manual
Result: WARN LaTeX errors when creating PDF version. This typically indicates Rd problems. Flavor: r-release-windows-x86_64