CRAN Package Check Results for Package BayesianTools

Last updated on 2018-05-26 06:47:47 CEST.

Flavor Version Tinstall Tcheck Ttotal Status Flags
r-devel-linux-x86_64-debian-clang 0.1.4 20.63 458.34 478.97 WARN
r-devel-linux-x86_64-debian-gcc 0.1.4 19.11 354.55 373.66 WARN
r-devel-linux-x86_64-fedora-clang 0.1.4 565.95 OK
r-devel-linux-x86_64-fedora-gcc 0.1.4 561.03 OK
r-devel-windows-ix86+x86_64 0.1.4 43.00 807.00 850.00 OK
r-patched-linux-x86_64 0.1.4 23.27 431.74 455.01 OK
r-patched-solaris-x86 0.1.4 1089.20 OK
r-release-linux-x86_64 0.1.4 22.11 440.35 462.46 OK
r-release-windows-ix86+x86_64 0.1.4 53.00 1072.00 1125.00 OK
r-release-osx-x86_64 0.1.4 OK
r-oldrel-windows-ix86+x86_64 0.1.4 47.00 788.00 835.00 OK
r-oldrel-osx-x86_64 0.1.4 OK

Check Details

Version: 0.1.4
Check: for unstated dependencies in ‘tests’
Result: WARN
    'library' or 'require' call not declared from: ‘Matching’
Flavors: r-devel-linux-x86_64-debian-clang, r-devel-linux-x86_64-debian-gcc