CRAN Package Check Results for Package Bayesrel

Last updated on 2020-02-20 19:48:19 CET.

Flavor Version Tinstall Tcheck Ttotal Status Flags
r-devel-linux-x86_64-debian-clang 0.1.0 5.44 42.04 47.48 OK
r-devel-linux-x86_64-debian-gcc 0.1.0 3.68 32.51 36.19 OK
r-devel-linux-x86_64-fedora-clang 0.1.0 58.76 OK
r-devel-linux-x86_64-fedora-gcc 0.1.0 57.34 OK
r-devel-windows-ix86+x86_64 0.1.0 8.00 48.00 56.00 OK
r-devel-windows-ix86+x86_64-gcc8 0.1.0 20.00 69.00 89.00 OK
r-patched-linux-x86_64 0.1.0 3.28 37.58 40.86 OK
r-patched-solaris-x86 0.1.0 3.50 ERROR
r-release-linux-x86_64 0.1.0 4.29 39.30 43.59 OK
r-release-windows-ix86+x86_64 0.1.0 6.00 53.00 59.00 OK
r-release-osx-x86_64 0.1.0 OK
r-oldrel-windows-ix86+x86_64 0.1.0 4.00 49.00 53.00 OK
r-oldrel-osx-x86_64 0.1.0 OK

Check Details

Version: 0.1.0
Check: package dependencies
Result: ERROR
    Package required but not available: ‘Rcsdp’
    
    See section ‘The DESCRIPTION file’ in the ‘Writing R Extensions’
    manual.
Flavor: r-patched-solaris-x86