CRAN Package Check Results for Package BcDiag

Last updated on 2024-03-02 13:50:15 CET.

Flavor Version Tinstall Tcheck Ttotal Status Flags
r-devel-linux-x86_64-debian-clang 1.0.10 4.86 63.92 68.78 NOTE
r-devel-linux-x86_64-debian-gcc 1.0.10 3.86 48.92 52.78 NOTE
r-devel-linux-x86_64-fedora-clang 1.0.10 82.23 NOTE
r-devel-linux-x86_64-fedora-gcc 1.0.10 80.36 NOTE
r-devel-windows-x86_64 1.0.10 6.00 71.00 77.00 OK
r-patched-linux-x86_64 1.0.10 5.40 62.23 67.63 NOTE
r-release-linux-x86_64 1.0.10 5.08 61.59 66.67 NOTE
r-release-macos-arm64 1.0.10 32.00 OK
r-release-macos-x86_64 1.0.10 32.00 OK
r-release-windows-x86_64 1.0.10 7.00 78.00 85.00 OK
r-oldrel-macos-arm64 1.0.10 32.00 OK
r-oldrel-windows-x86_64 1.0.10 8.00 87.00 95.00 OK

Check Details

Version: 1.0.10
Check: for non-standard things in the check directory
Result: NOTE Found the following files/directories: ‘fabiabreast.txt’ Flavors: r-devel-linux-x86_64-debian-clang, r-devel-linux-x86_64-debian-gcc, r-devel-linux-x86_64-fedora-clang, r-devel-linux-x86_64-fedora-gcc, r-patched-linux-x86_64, r-release-linux-x86_64