CRAN Package Check Results for Package BcDiag

Last updated on 2024-06-18 03:57:04 CEST.

Flavor Version Tinstall Tcheck Ttotal Status Flags
r-devel-linux-x86_64-debian-clang 1.0.10 6.56 63.00 69.56 NOTE
r-devel-linux-x86_64-debian-gcc 1.0.10 4.32 49.42 53.74 NOTE
r-devel-linux-x86_64-fedora-clang 1.0.10 85.23 NOTE
r-devel-linux-x86_64-fedora-gcc 1.0.10 83.24 NOTE
r-devel-windows-x86_64 1.0.10 5.00 70.00 75.00 OK
r-patched-linux-x86_64 1.0.10 6.22 62.98 69.20 NOTE
r-release-linux-x86_64 1.0.10 5.62 62.53 68.15 NOTE
r-release-macos-arm64 1.0.10 29.00 OK
r-release-macos-x86_64 1.0.10 80.00 OK
r-release-windows-x86_64 1.0.10 4.00 71.00 75.00 OK
r-oldrel-macos-arm64 1.0.10 32.00 OK
r-oldrel-macos-x86_64 1.0.10 32.00 OK
r-oldrel-windows-x86_64 1.0.10 5.00 81.00 86.00 OK

Check Details

Version: 1.0.10
Check: for non-standard things in the check directory
Result: NOTE Found the following files/directories: ‘fabiabreast.txt’ Flavors: r-devel-linux-x86_64-debian-clang, r-devel-linux-x86_64-debian-gcc, r-devel-linux-x86_64-fedora-clang, r-devel-linux-x86_64-fedora-gcc, r-patched-linux-x86_64, r-release-linux-x86_64