CRAN Package Check Results for Package Bchron

Last updated on 2022-10-07 10:53:00 CEST.

Flavor Version Tinstall Tcheck Ttotal Status Flags
r-devel-linux-x86_64-debian-clang 4.7.6 10.34 465.34 475.68 NOTE
r-devel-linux-x86_64-debian-gcc 4.7.6 8.65 336.16 344.81 NOTE
r-devel-linux-x86_64-fedora-clang 4.7.6 632.26 NOTE
r-devel-linux-x86_64-fedora-gcc 4.7.6 560.27 NOTE
r-devel-windows-x86_64 4.7.6 29.00 523.00 552.00 NOTE
r-patched-linux-x86_64 4.7.6 17.97 436.37 454.34 OK
r-release-linux-x86_64 4.7.6 8.57 435.36 443.93 OK
r-release-macos-arm64 4.7.6 183.00 OK
r-release-macos-x86_64 4.7.6 413.00 OK
r-release-windows-x86_64 4.7.6 27.00 495.00 522.00 OK
r-oldrel-macos-arm64 4.7.6 309.00 OK
r-oldrel-macos-x86_64 4.7.6 275.00 OK
r-oldrel-windows-ix86+x86_64 4.7.6 27.00 724.00 751.00 OK

Check Details

Version: 4.7.6
Check: Rd files
Result: NOTE
    checkRd: (-1) Glendalough.Rd:19: Escaped LaTeX specials: \&
    checkRd: (-1) Sluggan.Rd:19: Escaped LaTeX specials: \&
Flavors: r-devel-linux-x86_64-debian-clang, r-devel-linux-x86_64-debian-gcc, r-devel-linux-x86_64-fedora-clang, r-devel-linux-x86_64-fedora-gcc, r-devel-windows-x86_64

Version: 4.7.6
Check: compilation flags used
Result: NOTE
    Compilation used the following non-portable flag(s):
     ‘-Wstrict-prototypes’
Flavor: r-devel-linux-x86_64-debian-gcc