CRAN Package Check Results for Package Bchron

Last updated on 2020-02-19 18:47:21 CET.

Flavor Version Tinstall Tcheck Ttotal Status Flags
r-devel-linux-x86_64-debian-clang 4.5.0 9.16 174.86 184.02 OK
r-devel-linux-x86_64-debian-gcc 4.5.0 6.86 129.45 136.31 OK
r-devel-linux-x86_64-fedora-clang 4.5.0 213.62 NOTE
r-devel-linux-x86_64-fedora-gcc 4.5.0 204.65 NOTE
r-devel-windows-ix86+x86_64 4.5.0 17.00 190.00 207.00 OK
r-devel-windows-ix86+x86_64-gcc8 4.5.0 28.00 257.00 285.00 OK
r-patched-linux-x86_64 4.5.0 7.36 152.88 160.24 OK
r-patched-solaris-x86 4.5.0 269.50 NOTE
r-release-linux-x86_64 4.5.0 9.07 152.07 161.14 OK
r-release-windows-ix86+x86_64 4.5.0 16.00 175.00 191.00 OK
r-release-osx-x86_64 4.5.0 NOTE
r-oldrel-windows-ix86+x86_64 4.5.0 12.00 175.00 187.00 OK
r-oldrel-osx-x86_64 4.5.0 NOTE

Check Details

Version: 4.5.0
Check: dependencies in R code
Result: NOTE
    Namespaces in Imports field not imported from:
     ‘ellipse’ ‘viridis’
     All declared Imports should be used.
Flavors: r-devel-linux-x86_64-fedora-clang, r-devel-linux-x86_64-fedora-gcc, r-patched-solaris-x86, r-release-osx-x86_64, r-oldrel-osx-x86_64