CRAN Package Check Results for Package Bchron

Last updated on 2018-05-26 08:49:13 CEST.

Flavor Version Tinstall Tcheck Ttotal Status Flags
r-devel-linux-x86_64-debian-clang 4.2.7 3.58 130.80 134.38 OK
r-devel-linux-x86_64-debian-gcc 4.2.7 3.32 93.63 96.95 OK
r-devel-linux-x86_64-fedora-clang 4.2.7 163.06 NOTE
r-devel-linux-x86_64-fedora-gcc 4.2.7 149.07 NOTE
r-devel-windows-ix86+x86_64 4.2.7 8.00 141.00 149.00 OK
r-patched-linux-x86_64 4.2.7 4.06 133.52 137.58 OK
r-patched-solaris-x86 4.2.7 194.10 NOTE
r-release-linux-x86_64 4.2.7 4.72 124.86 129.58 OK
r-release-windows-ix86+x86_64 4.2.7 12.00 183.00 195.00 OK
r-release-osx-x86_64 4.2.7 NOTE
r-oldrel-windows-ix86+x86_64 4.2.7 8.00 147.00 155.00 OK
r-oldrel-osx-x86_64 4.2.7 NOTE

Check Details

Version: 4.2.7
Check: dependencies in R code
Result: NOTE
    Namespace in Imports field not imported from: ‘inline’
     All declared Imports should be used.
Flavors: r-devel-linux-x86_64-fedora-clang, r-devel-linux-x86_64-fedora-gcc, r-patched-solaris-x86, r-release-osx-x86_64, r-oldrel-osx-x86_64