CRAN Package Check Results for Package Bclim

Last updated on 2019-02-21 07:48:28 CET.

Flavor Version Tinstall Tcheck Ttotal Status Flags
r-devel-linux-x86_64-debian-clang 3.1.2 4.17 21.09 25.26 OK --no-vignettes
r-devel-linux-x86_64-debian-gcc 3.1.2 3.26 16.74 20.00 OK --no-vignettes
r-devel-linux-x86_64-fedora-clang 3.1.2 1596.66 NOTE
r-devel-linux-x86_64-fedora-gcc 3.1.2 1737.07 NOTE
r-devel-windows-ix86+x86_64 3.1.2 17.00 36.00 53.00 NOTE --no-vignettes
r-patched-linux-x86_64 3.1.2 OK --no-vignettes
r-patched-solaris-x86 3.1.2 2005.40 WARN
r-release-linux-x86_64 3.1.2 OK --no-vignettes
r-release-windows-ix86+x86_64 3.1.2 11.00 45.00 56.00 NOTE --no-vignettes
r-release-osx-x86_64 3.1.2 NOTE
r-oldrel-windows-ix86+x86_64 3.1.2 10.00 46.00 56.00 NOTE --no-vignettes
r-oldrel-osx-x86_64 3.1.2 NOTE

Check Details

Version: 3.1.2
Check: dependencies in R code
Result: NOTE
    Namespace in Imports field not imported from: ‘ggplot2’
     All declared Imports should be used.
Flavors: r-devel-linux-x86_64-fedora-clang, r-devel-linux-x86_64-fedora-gcc, r-patched-solaris-x86, r-release-osx-x86_64, r-oldrel-osx-x86_64

Version: 3.1.2
Check: compiled code
Result: NOTE
    File ‘Bclim/libs/Bclim.so’:
     Found no calls to: ‘R_registerRoutines’, ‘R_useDynamicSymbols’
    
    It is good practice to register native routines and to disable symbol
    search.
    
    See ‘Writing portable packages’ in the ‘Writing R Extensions’ manual.
Flavors: r-devel-linux-x86_64-fedora-clang, r-devel-linux-x86_64-fedora-gcc

Version: 3.1.2
Flags: --no-vignettes
Check: DESCRIPTION meta-information
Result: NOTE
    NeedsCompilation field should likely be 'yes'
Flavors: r-devel-windows-ix86+x86_64, r-release-windows-ix86+x86_64, r-oldrel-windows-ix86+x86_64

Version: 3.1.2
Check: re-building of vignette outputs
Result: WARN
    Error in re-building vignettes:
     ...
    Warning in engine$weave(file, quiet = quiet, encoding = enc) :
     The vignette engine knitr::rmarkdown is not available, because the rmarkdown package is not installed. Please install it.
Flavor: r-patched-solaris-x86