CRAN Package Check Results for Package BeSS

Last updated on 2021-04-15 01:50:17 CEST.

Flavor Version Tinstall Tcheck Ttotal Status Flags
r-devel-linux-x86_64-debian-clang 2.0.2 387.16 123.54 510.70 OK
r-devel-linux-x86_64-debian-gcc 2.0.2 352.45 115.88 468.33 OK
r-devel-linux-x86_64-fedora-clang 2.0.2 673.67 NOTE
r-devel-linux-x86_64-fedora-gcc 2.0.2 781.63 OK
r-devel-windows-ix86+x86_64 2.0.2 965.00 253.00 1218.00 OK
r-devel-windows-x86_64-gcc10-UCRT 2.0.2 OK
r-patched-linux-x86_64 2.0.2 388.93 142.31 531.24 OK
r-patched-solaris-x86 2.0.2 781.60 OK
r-release-linux-x86_64 2.0.2 402.13 142.98 545.11 OK
r-release-macos-x86_64 2.0.2 NOTE
r-release-windows-ix86+x86_64 2.0.2 973.00 246.00 1219.00 OK
r-oldrel-macos-x86_64 2.0.2 NOTE
r-oldrel-windows-ix86+x86_64 2.0.2 919.00 151.00 1070.00 OK

Check Details

Version: 2.0.2
Check: installed package size
Result: NOTE
     installed size is 64.3Mb
     sub-directories of 1Mb or more:
     libs 63.3Mb
Flavors: r-devel-linux-x86_64-fedora-clang, r-release-macos-x86_64, r-oldrel-macos-x86_64