Last updated on 2023-12-03 12:48:19 CET.
Flavor | Version | Tinstall | Tcheck | Ttotal | Status | Flags |
---|---|---|---|---|---|---|
r-devel-linux-x86_64-debian-clang | 1.1.3 | 325.59 | 366.92 | 692.51 | OK | |
r-devel-linux-x86_64-debian-gcc | 1.1.3 | 273.13 | 430.88 | 704.01 | OK | |
r-devel-linux-x86_64-fedora-clang | 1.1.3 | 840.56 | NOTE | |||
r-devel-linux-x86_64-fedora-gcc | 1.1.3 | 1088.81 | NOTE | |||
r-devel-windows-x86_64 | 1.1.3 | 245.00 | 379.00 | 624.00 | NOTE | |
r-patched-linux-x86_64 | 1.1.3 | 217.21 | 451.69 | 668.90 | OK | |
r-release-linux-x86_64 | 1.1.3 | 250.30 | 524.62 | 774.92 | OK | |
r-release-macos-arm64 | 1.1.3 | 328.00 | NOTE | |||
r-release-macos-x86_64 | 1.1.3 | 694.00 | NOTE | |||
r-release-windows-x86_64 | 1.1.3 | 313.00 | 487.00 | 800.00 | NOTE | |
r-oldrel-macos-arm64 | 1.1.3 | 300.00 | NOTE | |||
r-oldrel-macos-x86_64 | 1.1.3 | 433.00 | NOTE | |||
r-oldrel-windows-x86_64 | 1.1.3 | 297.00 | 445.00 | 742.00 | NOTE |
Version: 1.1.3
Check: installed package size
Result: NOTE
installed size is 5.7Mb
sub-directories of 1Mb or more:
data 1.7Mb
libs 3.3Mb
Flavors: r-devel-linux-x86_64-fedora-clang, r-devel-windows-x86_64, r-release-macos-arm64, r-release-macos-x86_64, r-release-windows-x86_64, r-oldrel-macos-arm64, r-oldrel-macos-x86_64, r-oldrel-windows-x86_64
Version: 1.1.3
Check: for GNU extensions in Makefiles
Result: NOTE
GNU make is a SystemRequirements.
Flavors: r-devel-linux-x86_64-fedora-clang, r-devel-linux-x86_64-fedora-gcc, r-release-macos-arm64, r-release-macos-x86_64, r-oldrel-macos-arm64, r-oldrel-macos-x86_64