CRAN Package Check Results for Package BeeGUTS

Last updated on 2022-12-10 03:57:25 CET.

Flavor Version Tinstall Tcheck Ttotal Status Flags
r-devel-linux-x86_64-debian-clang 1.0.0 282.50 133.05 415.55 WARN
r-devel-linux-x86_64-debian-gcc 1.0.0 235.79 112.91 348.70 WARN
r-devel-linux-x86_64-fedora-clang 1.0.0 528.97 WARN
r-devel-linux-x86_64-fedora-gcc 1.0.0 600.99 WARN
r-devel-windows-x86_64 1.0.0 228.00 210.00 438.00 NOTE
r-patched-linux-x86_64 1.0.0 199.73 134.69 334.42 NOTE
r-release-linux-x86_64 1.0.0 0.01 3.69 3.70 ERROR
r-release-macos-arm64 1.0.0 150.00 NOTE
r-release-macos-x86_64 1.0.0 198.00 NOTE
r-release-windows-x86_64 1.0.0 828.00 204.00 1032.00 NOTE
r-oldrel-macos-arm64 1.0.0 148.00 NOTE
r-oldrel-macos-x86_64 1.0.0 198.00 NOTE
r-oldrel-windows-ix86+x86_64 1.0.0 582.00 240.00 822.00 NOTE

Additional issues

donttest

Check Details

Version: 1.0.0
Check: for GNU extensions in Makefiles
Result: NOTE
    GNU make is a SystemRequirements.
Flavors: r-devel-linux-x86_64-debian-clang, r-devel-linux-x86_64-debian-gcc, r-devel-linux-x86_64-fedora-clang, r-devel-linux-x86_64-fedora-gcc, r-devel-windows-x86_64, r-patched-linux-x86_64, r-release-macos-arm64, r-release-macos-x86_64, r-release-windows-x86_64, r-oldrel-macos-arm64, r-oldrel-macos-x86_64, r-oldrel-windows-ix86+x86_64

Version: 1.0.0
Check: compiled code
Result: WARN
    File 'BeeGUTS/libs/BeeGUTS.so':
     Found 'sprintf', possibly from 'sprintf' (C)
     Objects: 'stanExports_GUTS_IT.o', 'stanExports_GUTS_SD.o'
    
    Compiled code should not call entry points which might terminate R nor
    write to stdout/stderr instead of to the console, nor use Fortran I/O
    nor system RNGs nor [v]sprintf.
    
    See 'Writing portable packages' in the 'Writing R Extensions' manual.
Flavors: r-devel-linux-x86_64-debian-clang, r-devel-linux-x86_64-fedora-clang

Version: 1.0.0
Check: compiled code
Result: WARN
    File ‘BeeGUTS/libs/BeeGUTS.so’:
     Found ‘__sprintf_chk’, possibly from ‘sprintf’ (C)
     Objects: ‘stanExports_GUTS_IT.o’, ‘stanExports_GUTS_SD.o’
    
    Compiled code should not call entry points which might terminate R nor
    write to stdout/stderr instead of to the console, nor use Fortran I/O
    nor system RNGs nor [v]sprintf.
    
    See ‘Writing portable packages’ in the ‘Writing R Extensions’ manual.
Flavors: r-devel-linux-x86_64-debian-gcc, r-devel-linux-x86_64-fedora-gcc

Version: 1.0.0
Check: installed package size
Result: NOTE
     installed size is 7.9Mb
     sub-directories of 1Mb or more:
     data 4.1Mb
     libs 3.2Mb
Flavors: r-devel-linux-x86_64-fedora-clang, r-devel-windows-x86_64, r-release-macos-arm64, r-release-macos-x86_64, r-release-windows-x86_64, r-oldrel-macos-arm64, r-oldrel-macos-x86_64, r-oldrel-windows-ix86+x86_64

Version: 1.0.0
Check: whether package can be installed
Result: ERROR
    Installation failed.
Flavor: r-release-linux-x86_64