CRAN Package Check Results for Package BetaBit

Last updated on 2023-10-01 10:00:10 CEST.

Flavor Version Tinstall Tcheck Ttotal Status Flags
r-devel-linux-x86_64-debian-clang 2.2 4.06 39.24 43.30 OK
r-devel-linux-x86_64-debian-gcc 2.2 3.62 30.73 34.35 OK
r-devel-linux-x86_64-fedora-clang 2.2 53.88 NOTE
r-devel-linux-x86_64-fedora-gcc 2.2 55.07 NOTE
r-devel-windows-x86_64 2.2 8.00 53.00 61.00 OK
r-patched-linux-x86_64 2.2 5.00 38.67 43.67 OK
r-release-linux-x86_64 2.2 4.25 39.15 43.40 OK
r-release-macos-arm64 2.2 27.00 OK
r-release-macos-x86_64 2.2 53.00 OK
r-release-windows-x86_64 2.2 7.00 54.00 61.00 OK
r-oldrel-macos-arm64 2.2 29.00 OK
r-oldrel-macos-x86_64 2.2 35.00 OK
r-oldrel-windows-x86_64 2.2 7.00 57.00 64.00 OK

Check Details

Version: 2.2
Check: data for non-ASCII characters
Result: NOTE
     Note: found 42 marked UTF-8 strings
Flavors: r-devel-linux-x86_64-fedora-clang, r-devel-linux-x86_64-fedora-gcc