CRAN Package Check Results for Package BetaPASS

Last updated on 2022-07-06 10:54:26 CEST.

Flavor Version Tinstall Tcheck Ttotal Status Flags
r-devel-linux-x86_64-debian-clang 1.1-1 2.40 73.29 75.69 NOTE
r-devel-linux-x86_64-debian-gcc 1.1-1 1.95 52.04 53.99 NOTE
r-devel-linux-x86_64-fedora-clang 1.1-1 97.71 NOTE
r-devel-linux-x86_64-fedora-gcc 1.1-1 96.80 NOTE
r-devel-windows-x86_64 1.1-1 7.00 98.00 105.00 NOTE
r-patched-linux-x86_64 1.1-1 2.43 68.92 71.35 NOTE
r-release-linux-x86_64 1.1-1 2.65 67.59 70.24 NOTE
r-release-macos-arm64 1.1-1 29.00 NOTE
r-release-macos-x86_64 1.1-1 57.00 NOTE
r-release-windows-x86_64 1.1-1 10.00 100.00 110.00 NOTE
r-oldrel-macos-arm64 1.1-1 36.00 NOTE
r-oldrel-macos-x86_64 1.1-1 56.00 NOTE
r-oldrel-windows-ix86+x86_64 1.1-1 6.00 95.00 101.00 NOTE

Check Details

Version: 1.1-1
Check: LazyData
Result: NOTE
     'LazyData' is specified without a 'data' directory
Flavors: r-devel-linux-x86_64-debian-clang, r-devel-linux-x86_64-debian-gcc, r-devel-linux-x86_64-fedora-clang, r-devel-linux-x86_64-fedora-gcc, r-devel-windows-x86_64, r-patched-linux-x86_64, r-release-linux-x86_64, r-release-macos-arm64, r-release-macos-x86_64, r-release-windows-x86_64, r-oldrel-macos-arm64, r-oldrel-macos-x86_64, r-oldrel-windows-ix86+x86_64