CRAN Package Check Results for Package BeviMed

Last updated on 2018-08-19 06:46:34 CEST.

Flavor Version Tinstall Tcheck Ttotal Status Flags
r-devel-linux-x86_64-debian-clang 5.3 17.20 35.45 52.65 OK
r-devel-linux-x86_64-debian-gcc 5.3 17.73 27.85 45.58 OK
r-devel-linux-x86_64-fedora-clang 5.3 66.52 OK
r-devel-linux-x86_64-fedora-gcc 5.3 68.92 OK
r-devel-windows-ix86+x86_64 5.3 48.00 86.00 134.00 OK
r-patched-linux-x86_64 5.3 18.58 32.35 50.93 OK
r-patched-solaris-x86 5.3 85.90 OK
r-release-linux-x86_64 5.3 20.15 32.05 52.20 OK
r-release-windows-ix86+x86_64 5.3 44.00 88.00 132.00 OK
r-release-osx-x86_64 5.3 OK
r-oldrel-windows-ix86+x86_64 5.3 35.00 88.00 123.00 OK
r-oldrel-osx-x86_64 5.3 WARN

Check Details

Version: 5.3
Check: re-building of vignette outputs
Result: WARN
    Error in re-building vignettes:
     ...
    Warning in engine$weave(file, quiet = quiet, encoding = enc) :
     Pandoc (>= 1.12.3) and/or pandoc-citeproc not available. Falling back to R Markdown v1.
    Warning in engine$weave(file, quiet = quiet, encoding = enc) :
     Pandoc (>= 1.12.3) and/or pandoc-citeproc not available. Falling back to R Markdown v1.
    Warning: running command 'kpsewhich framed.sty' had status 1
    Warning in test_latex_pkg("framed", system.file("misc", "framed.sty", package = "knitr")) :
     unable to find LaTeX package 'framed'; will use a copy from knitr
    Error in texi2dvi(file = file, pdf = TRUE, clean = clean, quiet = quiet, :
     Running 'texi2dvi' on 'Guide.tex' failed.
    LaTeX errors:
    ! LaTeX Error: File `authblk.sty' not found.
    
    Type X to quit or <RETURN> to proceed,
    or enter new name. (Default extension: sty)
    
    ! Emergency stop.
    <read *>
    
    l.64 ^^M
    
    ! ==> Fatal error occurred, no output PDF file produced!
    Calls: buildVignettes -> texi2pdf -> texi2dvi
    Execution halted
Flavor: r-oldrel-osx-x86_64