CRAN Package Check Results for Package BeviMed

Last updated on 2018-11-21 08:48:30 CET.

Flavor Version Tinstall Tcheck Ttotal Status Flags
r-devel-linux-x86_64-debian-clang 5.3 18.65 33.69 52.34 OK
r-devel-linux-x86_64-debian-gcc 5.3 16.77 27.10 43.87 OK
r-devel-linux-x86_64-fedora-clang 5.3 66.96 OK
r-devel-linux-x86_64-fedora-gcc 5.3 70.17 OK
r-devel-windows-ix86+x86_64 5.3 46.00 86.00 132.00 OK
r-patched-linux-x86_64 5.3 19.56 32.12 51.68 OK
r-patched-solaris-x86 5.3 83.40 OK
r-release-linux-x86_64 5.3 17.65 32.11 49.76 OK
r-release-windows-ix86+x86_64 5.3 34.00 83.00 117.00 OK
r-release-osx-x86_64 5.3 OK
r-oldrel-windows-ix86+x86_64 5.3 49.00 62.00 111.00 OK
r-oldrel-osx-x86_64 5.3 WARN

Check Details

Version: 5.3
Check: re-building of vignette outputs
Result: WARN
    Error in re-building vignettes:
     ...
    Warning in engine$weave(file, quiet = quiet, encoding = enc) :
     Pandoc (>= 1.12.3) and/or pandoc-citeproc not available. Falling back to R Markdown v1.
    Warning in engine$weave(file, quiet = quiet, encoding = enc) :
     Pandoc (>= 1.12.3) and/or pandoc-citeproc not available. Falling back to R Markdown v1.
    Warning: running command 'kpsewhich framed.sty' had status 1
    Warning in test_latex_pkg("framed", system.file("misc", "framed.sty", package = "knitr")) :
     unable to find LaTeX package 'framed'; will use a copy from knitr
    Error in texi2dvi(file = file, pdf = TRUE, clean = clean, quiet = quiet, :
     Running 'texi2dvi' on 'Guide.tex' failed.
    LaTeX errors:
    ! LaTeX Error: File `authblk.sty' not found.
    
    Type X to quit or <RETURN> to proceed,
    or enter new name. (Default extension: sty)
    
    ! Emergency stop.
    <read *>
    
    l.64 ^^M
    
    ! ==> Fatal error occurred, no output PDF file produced!
    Calls: buildVignettes -> texi2pdf -> texi2dvi
    Execution halted
Flavor: r-oldrel-osx-x86_64