CRAN Package Check Results for Package BeviMed

Last updated on 2018-02-22 12:48:50 CET.

Flavor Version Tinstall Tcheck Ttotal Status Flags
r-devel-linux-x86_64-debian-clang 5.3 15.40 29.42 44.82 OK
r-devel-linux-x86_64-debian-gcc 5.3 14.54 25.05 39.59 OK
r-devel-linux-x86_64-fedora-clang 5.3 63.85 OK
r-devel-linux-x86_64-fedora-gcc 5.3 62.67 OK
r-devel-windows-ix86+x86_64 5.3 48.00 62.00 110.00 OK
r-patched-linux-x86_64 5.3 13.82 36.75 50.57 OK
r-patched-solaris-x86 5.3 80.20 OK
r-release-linux-x86_64 5.3 17.91 36.61 54.52 OK
r-release-windows-ix86+x86_64 5.3 53.00 83.00 136.00 OK
r-release-osx-x86_64 5.3 WARN
r-oldrel-windows-ix86+x86_64 5.3 34.00 56.00 90.00 OK
r-oldrel-osx-x86_64 5.3 OK

Check Details

Version: 5.3
Check: re-building of vignette outputs
Result: WARN
    Error in re-building vignettes:
     ...
    Warning in engine$weave(file, quiet = quiet, encoding = enc) :
     Pandoc (>= 1.12.3) and/or pandoc-citeproc not available. Falling back to R Markdown v1.
    Warning in engine$weave(file, quiet = quiet, encoding = enc) :
     Pandoc (>= 1.12.3) and/or pandoc-citeproc not available. Falling back to R Markdown v1.
    Warning: running command 'kpsewhich framed.sty' had status 1
    Warning in test_latex_pkg("framed", system.file("misc", "framed.sty", package = "knitr")) :
     unable to find LaTeX package 'framed'; will use a copy from knitr
    Error in texi2dvi(file = file, pdf = TRUE, clean = clean, quiet = quiet, :
     Running 'texi2dvi' on 'Guide.tex' failed.
    LaTeX errors:
    ! LaTeX Error: File `authblk.sty' not found.
    
    Type X to quit or <RETURN> to proceed,
    or enter new name. (Default extension: sty)
    
    ! Emergency stop.
    <read *>
    
    l.64 ^^M
    
    ! ==> Fatal error occurred, no output PDF file produced!
    Calls: buildVignettes -> texi2pdf -> texi2dvi
    Execution halted
Flavor: r-release-osx-x86_64