CRAN Package Check Results for Package BiDAG

Last updated on 2022-05-28 13:51:15 CEST.

Flavor Version Tinstall Tcheck Ttotal Status Flags
r-devel-linux-x86_64-debian-clang 2.0.7 41.21 190.92 232.13 OK
r-devel-linux-x86_64-debian-gcc 2.0.7 31.69 144.97 176.66 OK
r-devel-linux-x86_64-fedora-clang 2.0.7 296.04 NOTE
r-devel-linux-x86_64-fedora-gcc 2.0.7 290.09 NOTE
r-devel-windows-x86_64 2.0.7 68.00 209.00 277.00 OK
r-patched-linux-x86_64 2.0.7 36.89 184.43 221.32 OK
r-release-linux-x86_64 2.0.7 36.22 185.48 221.70 OK
r-release-macos-arm64 2.0.7 75.00 NOTE
r-release-macos-x86_64 2.0.7 97.00 NOTE
r-release-windows-x86_64 2.0.7 64.00 212.00 276.00 OK
r-oldrel-macos-arm64 2.0.7 65.00 NOTE
r-oldrel-macos-x86_64 2.0.7 90.00 NOTE
r-oldrel-windows-ix86+x86_64 2.0.7 87.00 269.00 356.00 OK

Check Details

Version: 2.0.7
Check: dependencies in R code
Result: NOTE
    Namespace in Imports field not imported from: ‘RBGL’
     All declared Imports should be used.
Flavors: r-devel-linux-x86_64-fedora-clang, r-devel-linux-x86_64-fedora-gcc, r-release-macos-arm64, r-release-macos-x86_64, r-oldrel-macos-arm64, r-oldrel-macos-x86_64