CRAN Package Check Results for Package BioInstaller

Last updated on 2019-09-23 14:47:18 CEST.

Flavor Version Tinstall Tcheck Ttotal Status Flags
r-devel-linux-x86_64-debian-clang 0.3.7 12.52 125.74 138.26 NOTE
r-devel-linux-x86_64-debian-gcc 0.3.7 10.57 95.67 106.24 NOTE
r-devel-linux-x86_64-fedora-clang 0.3.7 164.13 NOTE
r-devel-linux-x86_64-fedora-gcc 0.3.7 162.70 NOTE
r-devel-windows-ix86+x86_64 0.3.7 88.00 231.00 319.00 NOTE
r-patched-linux-x86_64 0.3.7 13.28 122.35 135.63 OK
r-patched-solaris-x86 0.3.7 213.60 NOTE
r-release-linux-x86_64 0.3.7 14.08 125.94 140.02 OK
r-release-windows-ix86+x86_64 0.3.7 72.00 269.00 341.00 NOTE
r-release-osx-x86_64 0.3.7 NOTE
r-oldrel-windows-ix86+x86_64 0.3.7 36.00 153.00 189.00 NOTE
r-oldrel-osx-x86_64 0.3.7 NOTE

Check Details

Version: 0.3.7
Check: for non-standard things in the check directory
Result: NOTE
    Found the following files/directories:
     'GRCh37_MT_ensGene.txt'
Flavors: r-devel-linux-x86_64-debian-clang, r-devel-linux-x86_64-debian-gcc, r-devel-linux-x86_64-fedora-clang, r-devel-linux-x86_64-fedora-gcc

Version: 0.3.7
Check: installed package size
Result: NOTE
     installed size is 11.7Mb
     sub-directories of 1Mb or more:
     doc 2.5Mb
     extdata 8.7Mb
Flavors: r-devel-linux-x86_64-fedora-clang, r-devel-windows-ix86+x86_64, r-patched-solaris-x86, r-release-windows-ix86+x86_64, r-release-osx-x86_64, r-oldrel-windows-ix86+x86_64, r-oldrel-osx-x86_64