CRAN Package Check Results for Package BioInstaller

Last updated on 2018-02-24 02:50:33 CET.

Flavor Version Tinstall Tcheck Ttotal Status Flags
r-devel-linux-x86_64-debian-clang 0.3.3 4.15 87.36 91.51 OK
r-devel-linux-x86_64-debian-gcc 0.3.3 4.22 67.19 71.41 OK
r-devel-linux-x86_64-fedora-clang 0.3.3 107.25 OK
r-devel-linux-x86_64-fedora-gcc 0.3.3 112.23 OK
r-devel-windows-ix86+x86_64 0.3.3 15.00 159.00 174.00 OK
r-patched-linux-x86_64 0.3.3 3.71 106.43 110.14 OK
r-patched-solaris-x86 0.3.3 145.90 OK
r-release-linux-x86_64 0.3.3 3.35 107.17 110.52 OK
r-release-windows-ix86+x86_64 0.3.3 13.00 189.00 202.00 OK
r-release-osx-x86_64 0.3.3 OK
r-oldrel-windows-ix86+x86_64 0.3.3 8.00 151.00 159.00 OK
r-oldrel-osx-x86_64 0.3.2.1 ERROR

Check Details

Version: 0.3.2.1
Check: package dependencies
Result: ERROR
    Package required and available but unsuitable version: ‘configr’
    
    See section ‘The DESCRIPTION file’ in the ‘Writing R Extensions’
    manual.
Flavor: r-oldrel-osx-x86_64