CRAN Package Check Results for Package BioInstaller

Last updated on 2018-11-15 06:47:15 CET.

Flavor Version Tinstall Tcheck Ttotal Status Flags
r-devel-linux-x86_64-debian-clang 0.3.6 9.13 121.33 130.46 OK
r-devel-linux-x86_64-debian-gcc 0.3.6 7.67 95.30 102.97 OK
r-devel-linux-x86_64-fedora-clang 0.3.6 147.50 NOTE
r-devel-linux-x86_64-fedora-gcc 0.3.6 146.71 OK
r-devel-windows-ix86+x86_64 0.3.6 33.00 152.00 185.00 NOTE
r-patched-linux-x86_64 0.3.6 7.47 113.25 120.72 OK
r-patched-solaris-x86 0.3.6 160.00 WARN
r-release-linux-x86_64 0.3.6 9.34 113.95 123.29 OK
r-release-windows-ix86+x86_64 0.3.6 53.00 160.00 213.00 NOTE
r-release-osx-x86_64 0.3.6 WARN
r-oldrel-windows-ix86+x86_64 0.3.6 42.00 256.00 298.00 NOTE
r-oldrel-osx-x86_64 0.3.6 WARN

Check Details

Version: 0.3.6
Check: installed package size
Result: NOTE
     installed size is 11.4Mb
     sub-directories of 1Mb or more:
     doc 2.5Mb
     extdata 8.6Mb
Flavors: r-devel-linux-x86_64-fedora-clang, r-devel-windows-ix86+x86_64, r-patched-solaris-x86, r-release-windows-ix86+x86_64, r-release-osx-x86_64, r-oldrel-windows-ix86+x86_64, r-oldrel-osx-x86_64

Version: 0.3.6
Check: re-building of vignette outputs
Result: WARN
    Error in re-building vignettes:
     ...
    Warning in engine$weave(file, quiet = quiet, encoding = enc) :
     Pandoc (>= 1.12.3) and/or pandoc-citeproc not available. Falling back to R Markdown v1.
    Quitting from lines 48-51 (BioInstaller.Rmd)
    Error: processing vignette 'BioInstaller.Rmd' failed with diagnostics:
    there is no package called 'webshot'
    Execution halted
Flavor: r-patched-solaris-x86

Version: 0.3.6
Check: re-building of vignette outputs
Result: WARN
    Error in re-building vignettes:
     ...
    Warning in engine$weave(file, quiet = quiet, encoding = enc) :
     Pandoc (>= 1.12.3) and/or pandoc-citeproc not available. Falling back to R Markdown v1.
    Quitting from lines 48-51 (BioInstaller.Rmd)
    Error: processing vignette 'BioInstaller.Rmd' failed with diagnostics:
    cannot open the connection
    Execution halted
Flavors: r-release-osx-x86_64, r-oldrel-osx-x86_64