CRAN Package Check Results for Package BioInstaller

Last updated on 2020-02-18 05:47:59 CET.

Flavor Version Tinstall Tcheck Ttotal Status Flags
r-devel-linux-x86_64-debian-clang 0.3.7 13.18 137.77 150.95 NOTE
r-devel-linux-x86_64-debian-gcc 0.3.7 11.38 105.33 116.71 NOTE
r-devel-linux-x86_64-fedora-clang 0.3.7 178.16 NOTE
r-devel-linux-x86_64-fedora-gcc 0.3.7 177.33 NOTE
r-devel-windows-ix86+x86_64 0.3.7 47.00 177.00 224.00 NOTE
r-devel-windows-ix86+x86_64-gcc8 0.3.7 71.00 261.00 332.00 NOTE
r-patched-linux-x86_64 0.3.7 10.91 122.14 133.05 OK
r-patched-solaris-x86 0.3.7 212.10 NOTE
r-release-linux-x86_64 0.3.7 10.56 121.72 132.28 OK
r-release-windows-ix86+x86_64 0.3.7 40.00 181.00 221.00 NOTE
r-release-osx-x86_64 0.3.7 NOTE
r-oldrel-windows-ix86+x86_64 0.3.7 37.00 151.00 188.00 NOTE
r-oldrel-osx-x86_64 0.3.7 NOTE

Check Details

Version: 0.3.7
Check: for non-standard things in the check directory
Result: NOTE
    Found the following files/directories:
     'GRCh37_MT_ensGene.txt'
Flavors: r-devel-linux-x86_64-debian-clang, r-devel-linux-x86_64-debian-gcc, r-devel-linux-x86_64-fedora-clang, r-devel-linux-x86_64-fedora-gcc

Version: 0.3.7
Check: installed package size
Result: NOTE
     installed size is 11.7Mb
     sub-directories of 1Mb or more:
     doc 2.5Mb
     extdata 8.7Mb
Flavors: r-devel-linux-x86_64-fedora-clang, r-devel-windows-ix86+x86_64, r-devel-windows-ix86+x86_64-gcc8, r-patched-solaris-x86, r-release-windows-ix86+x86_64, r-release-osx-x86_64, r-oldrel-windows-ix86+x86_64, r-oldrel-osx-x86_64