Last updated on 2019-02-15 20:46:39 CET.
Flavor | Version | Tinstall | Tcheck | Ttotal | Status | Flags |
---|---|---|---|---|---|---|
r-devel-linux-x86_64-debian-clang | 0.3.7 | 8.97 | 126.70 | 135.67 | OK | |
r-devel-linux-x86_64-debian-gcc | 0.3.7 | 7.09 | 96.79 | 103.88 | OK | |
r-devel-linux-x86_64-fedora-clang | 0.3.7 | 166.14 | NOTE | |||
r-devel-linux-x86_64-fedora-gcc | 0.3.7 | 165.75 | OK | |||
r-devel-windows-ix86+x86_64 | 0.3.7 | 43.00 | 205.00 | 248.00 | NOTE | |
r-patched-linux-x86_64 | 0.3.7 | 8.72 | 113.03 | 121.75 | OK | |
r-patched-solaris-x86 | 0.3.7 | 181.00 | NOTE | |||
r-release-linux-x86_64 | 0.3.7 | 6.54 | 114.27 | 120.81 | OK | |
r-release-windows-ix86+x86_64 | 0.3.7 | 32.00 | 140.00 | 172.00 | NOTE | |
r-release-osx-x86_64 | 0.3.7 | NOTE | ||||
r-oldrel-windows-ix86+x86_64 | 0.3.7 | 54.00 | 262.00 | 316.00 | NOTE | |
r-oldrel-osx-x86_64 | 0.3.7 | NOTE |
Version: 0.3.7
Check: installed package size
Result: NOTE
installed size is 11.7Mb
sub-directories of 1Mb or more:
doc 2.5Mb
extdata 8.7Mb
Flavors: r-devel-linux-x86_64-fedora-clang, r-devel-windows-ix86+x86_64, r-patched-solaris-x86, r-release-windows-ix86+x86_64, r-release-osx-x86_64, r-oldrel-windows-ix86+x86_64, r-oldrel-osx-x86_64