CRAN Package Check Results for Package BioRssay

Last updated on 2022-12-01 16:51:39 CET.

Flavor Version Tinstall Tcheck Ttotal Status Flags
r-devel-linux-x86_64-debian-clang 1.1.0 2.92 37.18 40.10 OK
r-devel-linux-x86_64-debian-gcc 1.1.0 2.66 28.79 31.45 OK
r-devel-linux-x86_64-fedora-clang 1.1.0 63.09 OK
r-devel-linux-x86_64-fedora-gcc 1.1.0 59.19 OK
r-devel-windows-x86_64 1.1.0 14.00 67.00 81.00 OK
r-patched-linux-x86_64 1.1.0 3.79 35.35 39.14 OK
r-release-linux-x86_64 1.1.0 3.33 35.53 38.86 OK
r-release-macos-arm64 1.1.0 21.00 OK
r-release-macos-x86_64 1.1.0 52.00 OK
r-release-windows-x86_64 1.1.0 17.00 70.00 87.00 OK
r-oldrel-macos-arm64 1.1.0 25.00 OK
r-oldrel-macos-x86_64 1.1.0 49.00 OK
r-oldrel-windows-ix86+x86_64 1.1.0 8.00 62.00 70.00 ERROR

Check Details

Version: 1.1.0
Check: PDF version of manual
Result: WARN
    LaTeX errors when creating PDF version.
    This typically indicates Rd problems.
    LaTeX errors found:
    ! Package inputenc Error: Unicode char รข<c2><80><c2><90> (U+2010)
    (inputenc) not set up for use with LaTeX.
    
    See the inputenc package documentation for explanation.
    Type H <return> for immediate help.
Flavor: r-oldrel-windows-ix86+x86_64

Version: 1.1.0
Check: PDF version of manual without hyperrefs or index
Result: ERROR
Flavor: r-oldrel-windows-ix86+x86_64