CRAN Package Check Results for Package BioRssay

Last updated on 2025-06-15 00:48:16 CEST.

Flavor Version Tinstall Tcheck Ttotal Status Flags
r-devel-linux-x86_64-debian-clang 1.1.0 2.95 32.55 35.50 NOTE
r-devel-linux-x86_64-debian-gcc 1.1.0 2.09 25.55 27.64 NOTE
r-devel-linux-x86_64-fedora-clang 1.1.0 55.24 OK
r-devel-linux-x86_64-fedora-gcc 1.1.0 67.03 OK
r-devel-windows-x86_64 1.1.0 4.00 49.00 53.00 OK
r-patched-linux-x86_64 1.1.0 2.66 30.91 33.57 OK
r-release-linux-x86_64 1.1.0 2.54 30.77 33.31 OK
r-release-macos-arm64 1.1.0 33.00 OK
r-release-macos-x86_64 1.1.0 88.00 OK
r-release-windows-x86_64 1.1.0 4.00 50.00 54.00 OK
r-oldrel-macos-arm64 1.1.0 29.00 OK
r-oldrel-macos-x86_64 1.1.0 41.00 OK
r-oldrel-windows-x86_64 1.1.0 4.00 58.00 62.00 OK

Check Details

Version: 1.1.0
Check: CRAN incoming feasibility
Result: NOTE Maintainer: ‘Piyal Karunarathne <piyalkarumail@yahoo.com>’ Package CITATION file contains call(s) to old-style citEntry(). Please use bibentry() instead. Flavors: r-devel-linux-x86_64-debian-clang, r-devel-linux-x86_64-debian-gcc