CRAN Package Check Results for Package BiocManager

Last updated on 2020-05-29 17:49:00 CEST.

Flavor Version Tinstall Tcheck Ttotal Status Flags
r-devel-linux-x86_64-debian-clang 1.30.10 2.73 38.14 40.87 OK
r-devel-linux-x86_64-debian-gcc 1.30.10 2.07 29.37 31.44 OK
r-devel-linux-x86_64-fedora-clang 1.30.10 48.50 NOTE
r-devel-linux-x86_64-fedora-gcc 1.30.10 106.10 NOTE
r-devel-windows-ix86+x86_64 1.30.10 10.00 111.00 121.00 OK
r-patched-linux-x86_64 1.30.10 2.51 38.11 40.62 OK
r-patched-solaris-x86 1.30.10 69.60 OK
r-release-linux-x86_64 1.30.10 2.33 37.75 40.08 OK
r-release-osx-x86_64 1.30.10 OK
r-release-windows-ix86+x86_64 1.30.10 16.00 59.00 75.00 OK
r-oldrel-osx-x86_64 1.30.10 NOTE
r-oldrel-windows-ix86+x86_64 1.30.10 9.00 60.00 69.00 OK

Check Details

Version: 1.30.10
Check: package dependencies
Result: NOTE
    Package suggested but not available for checking: ‘BiocVersion’
Flavors: r-devel-linux-x86_64-fedora-clang, r-devel-linux-x86_64-fedora-gcc

Version: 1.30.10
Check: package dependencies
Result: NOTE
    Packages suggested but not available for checking:
     'BiocStyle', 'BiocVersion'
Flavor: r-oldrel-osx-x86_64