CRAN Package Check Results for Package Biocomb

Last updated on 2018-09-22 17:47:43 CEST.

Flavor Version Tinstall Tcheck Ttotal Status Flags
r-devel-linux-x86_64-debian-clang 0.4 46.76 197.23 243.99 OK
r-devel-linux-x86_64-debian-gcc 0.4 41.03 153.17 194.20 OK
r-devel-linux-x86_64-fedora-clang 0.4 292.33 OK
r-devel-linux-x86_64-fedora-gcc 0.4 287.56 OK
r-devel-windows-ix86+x86_64 0.4 123.00 336.00 459.00 OK
r-patched-linux-x86_64 0.4 52.11 175.86 227.97 OK
r-release-linux-x86_64 0.4 50.74 174.81 225.55 OK
r-release-windows-ix86+x86_64 0.4 83.00 292.00 375.00 OK
r-release-osx-x86_64 0.4 WARN
r-oldrel-windows-ix86+x86_64 0.4 77.00 307.00 384.00 OK
r-oldrel-osx-x86_64 0.4 WARN

Check Details

Version: 0.4
Check: whether package can be installed
Result: WARN
    Found the following significant warnings:
     Warning: 'rgl_init' failed, running with rgl.useNULL = TRUE
Flavors: r-release-osx-x86_64, r-oldrel-osx-x86_64