CRAN Package Check Results for Package Biocomb

Last updated on 2018-12-10 00:46:40 CET.

Flavor Version Tinstall Tcheck Ttotal Status Flags
r-devel-linux-x86_64-debian-clang 0.4 47.12 173.10 220.22 OK
r-devel-linux-x86_64-debian-gcc 0.4 43.29 133.08 176.37 OK
r-devel-linux-x86_64-fedora-clang 0.4 268.03 OK
r-devel-linux-x86_64-fedora-gcc 0.4 273.91 OK
r-devel-windows-ix86+x86_64 0.4 109.00 284.00 393.00 OK
r-patched-linux-x86_64 0.4 50.08 169.55 219.63 OK
r-release-linux-x86_64 0.4 52.00 167.65 219.65 OK
r-release-windows-ix86+x86_64 0.4 79.00 219.00 298.00 OK
r-release-osx-x86_64 0.4 WARN
r-oldrel-windows-ix86+x86_64 0.4 77.00 247.00 324.00 OK
r-oldrel-osx-x86_64 0.4 WARN

Check Details

Version: 0.4
Check: whether package can be installed
Result: WARN
    Found the following significant warnings:
     Warning: 'rgl_init' failed, running with rgl.useNULL = TRUE
Flavors: r-release-osx-x86_64, r-oldrel-osx-x86_64