CRAN Package Check Results for Package BiodiversityR

Last updated on 2018-10-17 07:50:47 CEST.

Flavor Version Tinstall Tcheck Ttotal Status Flags
r-devel-linux-x86_64-debian-clang 2.10-1 37.12 194.56 231.68 OK
r-devel-linux-x86_64-debian-gcc 2.10-1 30.99 150.33 181.32 OK
r-devel-linux-x86_64-fedora-clang 2.10-1 276.56 OK
r-devel-linux-x86_64-fedora-gcc 2.10-1 280.80 OK
r-devel-windows-ix86+x86_64 2.10-1 75.00 240.00 315.00 OK
r-patched-linux-x86_64 2.10-1 28.18 171.83 200.01 OK
r-patched-solaris-x86 2.10-1 371.10 OK
r-release-linux-x86_64 2.10-1 30.60 172.64 203.24 OK
r-release-windows-ix86+x86_64 2.10-1 64.00 233.00 297.00 OK
r-release-osx-x86_64 2.10-1 OK
r-oldrel-windows-ix86+x86_64 2.10-1 12.00 7.00 19.00 ERROR
r-oldrel-osx-x86_64 2.10-1 OK

Check Details

Version: 2.10-1
Check: whether package can be installed
Result: ERROR
    Installation failed.
Flavor: r-oldrel-windows-ix86+x86_64