CRAN Package Check Results for Package BiodiversityR

Last updated on 2018-02-22 16:47:32 CET.

Flavor Version Tinstall Tcheck Ttotal Status Flags
r-devel-linux-x86_64-debian-clang 2.9-1 33.88 149.48 183.36 OK
r-devel-linux-x86_64-debian-gcc 2.9-1 30.22 131.10 161.32 OK
r-devel-linux-x86_64-fedora-clang 2.9-1 260.39 OK
r-devel-linux-x86_64-fedora-gcc 2.9-1 247.26 OK
r-devel-windows-ix86+x86_64 2.9-1 73.00 169.00 242.00 OK
r-patched-linux-x86_64 2.9-1 8.98 188.58 197.56 OK
r-patched-solaris-x86 2.9-1 331.30 OK
r-release-linux-x86_64 2.9-1 8.03 186.60 194.63 OK
r-release-windows-ix86+x86_64 2.9-1 46.00 229.00 275.00 OK
r-release-osx-x86_64 2.9-1 OK
r-oldrel-windows-ix86+x86_64 2.9-1 23.00 166.00 189.00 OK
r-oldrel-osx-x86_64 2.8-4 NOTE

Check Details

Version: 2.8-4
Check: package dependencies
Result: NOTE
    Package suggested but not available for checking: ‘RODBC’
Flavor: r-oldrel-osx-x86_64