CRAN Package Check Results for Package BisRNA

Last updated on 2019-09-18 05:46:54 CEST.

Flavor Version Tinstall Tcheck Ttotal Status Flags
r-devel-linux-x86_64-debian-clang 0.2.2 1.94 21.76 23.70 OK
r-devel-linux-x86_64-debian-gcc 0.2.2 1.59 17.86 19.45 OK
r-devel-linux-x86_64-fedora-clang 0.2.2 29.70 OK
r-devel-linux-x86_64-fedora-gcc 0.2.2 28.70 OK
r-devel-windows-ix86+x86_64 0.2.2 7.00 32.00 39.00 OK
r-patched-linux-x86_64 0.2.2 1.47 21.80 23.27 OK
r-patched-solaris-x86 0.2.2 41.50 NOTE
r-release-linux-x86_64 0.2.2 1.63 22.07 23.70 OK
r-release-windows-ix86+x86_64 0.2.2 4.00 34.00 38.00 OK
r-release-osx-x86_64 0.2.2 NOTE
r-oldrel-windows-ix86+x86_64 0.2.2 4.00 33.00 37.00 OK
r-oldrel-osx-x86_64 0.2.2 NOTE

Check Details

Version: 0.2.2
Check: package dependencies
Result: NOTE
    Package suggested but not available for checking: ‘IHW’
Flavors: r-patched-solaris-x86, r-release-osx-x86_64, r-oldrel-osx-x86_64