CRAN Package Check Results for Package BisRNA

Last updated on 2020-02-20 21:47:22 CET.

Flavor Version Tinstall Tcheck Ttotal Status Flags
r-devel-linux-x86_64-debian-clang 0.2.2 2.19 24.17 26.36 OK
r-devel-linux-x86_64-debian-gcc 0.2.2 1.66 18.76 20.42 OK
r-devel-linux-x86_64-fedora-clang 0.2.2 31.97 OK
r-devel-linux-x86_64-fedora-gcc 0.2.2 31.12 OK
r-devel-windows-ix86+x86_64 0.2.2 5.00 41.00 46.00 OK
r-devel-windows-ix86+x86_64-gcc8 0.2.2 11.00 55.00 66.00 OK
r-patched-linux-x86_64 0.2.2 1.35 21.51 22.86 OK
r-patched-solaris-x86 0.2.2 43.50 NOTE
r-release-linux-x86_64 0.2.2 1.69 22.04 23.73 OK
r-release-windows-ix86+x86_64 0.2.2 4.00 35.00 39.00 OK
r-release-osx-x86_64 0.2.2 NOTE
r-oldrel-windows-ix86+x86_64 0.2.2 2.00 30.00 32.00 OK
r-oldrel-osx-x86_64 0.2.2 NOTE

Check Details

Version: 0.2.2
Check: package dependencies
Result: NOTE
    Package suggested but not available for checking: ‘IHW’
Flavors: r-patched-solaris-x86, r-release-osx-x86_64, r-oldrel-osx-x86_64