CRAN Package Check Results for Package BoSSA

Last updated on 2018-08-19 04:46:46 CEST.

Flavor Version Tinstall Tcheck Ttotal Status Flags
r-devel-linux-x86_64-debian-clang 3.4 7.40 125.71 133.11 OK
r-devel-linux-x86_64-debian-gcc 3.4 6.10 97.54 103.64 OK
r-devel-linux-x86_64-fedora-clang 3.4 156.71 OK
r-devel-linux-x86_64-fedora-gcc 3.4 155.94 OK
r-devel-windows-ix86+x86_64 3.4 18.00 199.00 217.00 OK
r-patched-linux-x86_64 3.4 5.01 111.90 116.91 OK
r-patched-solaris-x86 3.4 203.80 OK
r-release-linux-x86_64 3.4 5.55 77.64 83.19 WARN
r-release-windows-ix86+x86_64 3.4 16.00 203.00 219.00 OK
r-release-osx-x86_64 3.4 OK
r-oldrel-windows-ix86+x86_64 3.4 9.00 175.00 184.00 OK
r-oldrel-osx-x86_64 3.4 OK

Check Details

Version: 3.4
Check: re-building of vignette outputs
Result: WARN
    Error in re-building vignettes:
     ...
    Quitting from lines 70-73 (bossa-refpkg.Rmd)
    Error: processing vignette ‘bossa-refpkg.Rmd’ failed with diagnostics:
    Error in the HTTP2 framing layer
    Execution halted
Flavor: r-release-linux-x86_64