CRAN Package Check Results for Package BoolNet

Last updated on 2022-01-17 01:48:16 CET.

Flavor Version Tinstall Tcheck Ttotal Status Flags
r-devel-linux-x86_64-debian-clang 2.1.5 24.55 238.83 263.38 NOTE
r-devel-linux-x86_64-debian-gcc 2.1.5 15.63 187.77 203.40 NOTE
r-devel-linux-x86_64-fedora-clang 2.1.5 324.42 NOTE
r-devel-linux-x86_64-fedora-gcc 2.1.5 299.97 NOTE
r-devel-windows-x86_64-new-UL 2.1.5 110.00 321.00 431.00 OK
r-devel-windows-x86_64-new-TK 2.1.5 OK
r-patched-linux-x86_64 2.1.5 22.03 168.61 190.64 NOTE
r-release-linux-x86_64 2.1.5 NOTE
r-release-macos-arm64 2.1.5 OK
r-release-macos-x86_64 2.1.5 OK
r-release-windows-ix86+x86_64 2.1.5 66.00 223.00 289.00 OK
r-oldrel-macos-x86_64 2.1.5 OK
r-oldrel-windows-ix86+x86_64 2.1.5 65.00 221.00 286.00 OK

Additional issues

clang-UBSAN

Check Details

Version: 2.1.5
Check: for non-standard things in the check directory
Result: NOTE
    Found the following files/directories:
     'attractors.tex' 'cellcycle.sbml' 'cellcycle.txt' 'pajek_export.net'
     'sequence.txt' 'testNet.bn'
Flavors: r-devel-linux-x86_64-debian-clang, r-devel-linux-x86_64-debian-gcc, r-devel-linux-x86_64-fedora-clang, r-devel-linux-x86_64-fedora-gcc, r-patched-linux-x86_64, r-release-linux-x86_64