CRAN Package Check Results for Package BoolNet

Last updated on 2019-04-23 02:47:02 CEST.

Flavor Version Tinstall Tcheck Ttotal Status Flags
r-devel-linux-x86_64-debian-clang 2.1.5 20.22 219.64 239.86 OK
r-devel-linux-x86_64-debian-gcc 2.1.5 23.05 166.56 189.61 OK
r-devel-linux-x86_64-fedora-clang 2.1.5 246.51 OK
r-devel-linux-x86_64-fedora-gcc 2.1.5 278.97 OK
r-devel-windows-ix86+x86_64 2.1.5 68.00 225.00 293.00 OK
r-patched-linux-x86_64 2.1.5 26.19 215.35 241.54 OK
r-patched-solaris-x86 2.1.5 151.50 WARN
r-release-linux-x86_64 2.1.5 23.40 212.83 236.23 OK
r-release-windows-ix86+x86_64 2.1.5 57.00 170.00 227.00 OK
r-release-osx-x86_64 2.1.5 OK
r-oldrel-windows-ix86+x86_64 2.1.5 73.00 326.00 399.00 OK
r-oldrel-osx-x86_64 2.1.4 OK

Check Details

Version: 2.1.5
Check: re-building of vignette outputs
Result: WARN
    Error(s) in re-building vignettes:
     ...
    --- re-building ‘BoolNet_package_vignette.Snw.Rnw’ using Sweave
    
    Error: processing vignette 'BoolNet_package_vignette.Snw.Rnw' failed with diagnostics:
     chunk 13
    Error in net$interactions[[idx]][[functionIndices[idx]]] :
     subscript out of bounds
    
    --- failed re-building ‘BoolNet_package_vignette.Snw.Rnw’
    
    SUMMARY: processing the following file failed:
     ‘BoolNet_package_vignette.Snw.Rnw’
    
    Error: Vignette re-building failed.
    Execution halted
Flavor: r-patched-solaris-x86