CRAN Package Check Results for Package BoolNet

Last updated on 2018-11-15 15:48:18 CET.

Flavor Version Tinstall Tcheck Ttotal Status Flags
r-devel-linux-x86_64-debian-clang 2.1.4 19.44 174.70 194.14 OK
r-devel-linux-x86_64-debian-gcc 2.1.4 21.48 132.05 153.53 OK
r-devel-linux-x86_64-fedora-clang 2.1.4 196.32 OK
r-devel-linux-x86_64-fedora-gcc 2.1.4 200.55 OK
r-devel-windows-ix86+x86_64 2.1.4 48.00 166.00 214.00 OK
r-patched-linux-x86_64 2.1.4 22.89 167.96 190.85 OK
r-patched-solaris-x86 2.1.4 127.10 WARN
r-release-linux-x86_64 2.1.4 23.44 166.85 190.29 OK
r-release-windows-ix86+x86_64 2.1.4 68.00 216.00 284.00 OK
r-release-osx-x86_64 2.1.4 OK
r-oldrel-windows-ix86+x86_64 2.1.4 69.00 251.00 320.00 OK
r-oldrel-osx-x86_64 2.1.4 OK

Additional issues

rchk

Check Details

Version: 2.1.4
Check: re-building of vignette outputs
Result: WARN
    Error in re-building vignettes:
     ...
    
    Error: processing vignette 'BoolNet_package_vignette.Snw' failed with diagnostics:
     chunk 13
    Error in (function (interaction, index, gene) :
     No values for the "don't care" entries were specified for gene "Fkh2"!
    Execution halted
Flavor: r-patched-solaris-x86