CRAN Package Check Results for Package BoolNet

Last updated on 2019-02-23 16:52:34 CET.

Flavor Version Tinstall Tcheck Ttotal Status Flags
r-devel-linux-x86_64-debian-clang 2.1.4 21.73 176.95 198.68 OK
r-devel-linux-x86_64-debian-gcc 2.1.4 21.74 132.79 154.53 OK
r-devel-linux-x86_64-fedora-clang 2.1.4 203.49 OK
r-devel-linux-x86_64-fedora-gcc 2.1.4 197.52 OK
r-devel-windows-ix86+x86_64 2.1.4 68.00 224.00 292.00 OK
r-patched-linux-x86_64 2.1.4 23.58 168.05 191.63 OK
r-patched-solaris-x86 2.1.4 127.40 WARN
r-release-linux-x86_64 2.1.4 21.70 165.21 186.91 OK
r-release-windows-ix86+x86_64 2.1.4 69.00 214.00 283.00 OK
r-release-osx-x86_64 2.1.4 OK
r-oldrel-windows-ix86+x86_64 2.1.4 53.00 309.00 362.00 OK
r-oldrel-osx-x86_64 2.1.4 OK

Additional issues

rchk

Check Details

Version: 2.1.4
Check: re-building of vignette outputs
Result: WARN
    Error in re-building vignettes:
     ...
    
    Error: processing vignette 'BoolNet_package_vignette.Snw' failed with diagnostics:
     chunk 13
    Error in (function (interaction, index, gene) :
     No values for the "don't care" entries were specified for gene "Fkh2"!
    Execution halted
Flavor: r-patched-solaris-x86