CRAN Package Check Results for Package BoolNet

Last updated on 2019-08-18 08:47:59 CEST.

Flavor Version Tinstall Tcheck Ttotal Status Flags
r-devel-linux-x86_64-debian-clang 2.1.5 21.41 223.12 244.53 NOTE
r-devel-linux-x86_64-debian-gcc 2.1.5 18.71 170.62 189.33 NOTE
r-devel-linux-x86_64-fedora-clang 2.1.5 257.57 NOTE
r-devel-linux-x86_64-fedora-gcc 2.1.5 256.55 NOTE
r-devel-windows-ix86+x86_64 2.1.5 50.00 230.00 280.00 OK
r-patched-linux-x86_64 2.1.5 23.36 215.28 238.64 OK
r-patched-solaris-x86 2.1.5 140.00 WARN
r-release-linux-x86_64 2.1.5 24.87 215.37 240.24 OK
r-release-windows-ix86+x86_64 2.1.5 51.00 170.00 221.00 OK
r-release-osx-x86_64 2.1.5 OK
r-oldrel-windows-ix86+x86_64 2.1.5 67.00 224.00 291.00 OK
r-oldrel-osx-x86_64 2.1.5 OK

Check Details

Version: 2.1.5
Check: for non-standard things in the check directory
Result: NOTE
    Found the following files/directories:
     'attractors.tex' 'cellcycle.sbml' 'cellcycle.txt' 'pajek_export.net'
     'sequence.txt' 'testNet.bn'
Flavors: r-devel-linux-x86_64-debian-clang, r-devel-linux-x86_64-debian-gcc, r-devel-linux-x86_64-fedora-clang, r-devel-linux-x86_64-fedora-gcc

Version: 2.1.5
Check: re-building of vignette outputs
Result: WARN
    Error(s) in re-building vignettes:
     ...
    --- re-building ‘BoolNet_package_vignette.Snw.Rnw’ using Sweave
    
    Error: processing vignette 'BoolNet_package_vignette.Snw.Rnw' failed with diagnostics:
     chunk 13
    Error in net$interactions[[idx]][[functionIndices[idx]]] :
     subscript out of bounds
    
    --- failed re-building ‘BoolNet_package_vignette.Snw.Rnw’
    
    SUMMARY: processing the following file failed:
     ‘BoolNet_package_vignette.Snw.Rnw’
    
    Error: Vignette re-building failed.
    Execution halted
Flavor: r-patched-solaris-x86