CRAN Package Check Results for Package BoolNet

Last updated on 2018-08-20 07:47:32 CEST.

Flavor Version Tinstall Tcheck Ttotal Status Flags
r-devel-linux-x86_64-debian-clang 2.1.4 19.91 170.53 190.44 OK
r-devel-linux-x86_64-debian-gcc 2.1.4 21.51 130.45 151.96 OK
r-devel-linux-x86_64-fedora-clang 2.1.4 193.06 OK
r-devel-linux-x86_64-fedora-gcc 2.1.4 201.37 OK
r-devel-windows-ix86+x86_64 2.1.4 65.00 212.00 277.00 OK
r-patched-linux-x86_64 2.1.4 23.25 167.14 190.39 OK
r-patched-solaris-x86 2.1.4 124.90 WARN
r-release-linux-x86_64 2.1.4 23.81 167.47 191.28 OK
r-release-windows-ix86+x86_64 2.1.4 68.00 225.00 293.00 OK
r-release-osx-x86_64 2.1.4 OK
r-oldrel-windows-ix86+x86_64 2.1.4 49.00 227.00 276.00 OK
r-oldrel-osx-x86_64 2.1.4 OK

Check Details

Version: 2.1.4
Check: re-building of vignette outputs
Result: WARN
    Error in re-building vignettes:
     ...
    
    Error: processing vignette 'BoolNet_package_vignette.Snw' failed with diagnostics:
     chunk 13
    Error in (function (interaction, index, gene) :
     No values for the "don't care" entries were specified for gene "Fkh2"!
    Execution halted
Flavor: r-patched-solaris-x86