CRAN Package Check Results for Package Boom

Last updated on 2021-05-08 03:53:21 CEST.

Flavor Version Tinstall Tcheck Ttotal Status Flags
r-devel-linux-x86_64-debian-clang 0.9.7 1954.33 42.58 1996.91 NOTE
r-devel-linux-x86_64-debian-gcc 0.9.7 1157.23 39.87 1197.10 NOTE
r-devel-linux-x86_64-fedora-clang 0.9.7 2784.60 NOTE
r-devel-linux-x86_64-fedora-gcc 0.9.7 2159.30 NOTE
r-devel-windows-ix86+x86_64 0.9.7 3126.00 91.00 3217.00 NOTE
r-devel-windows-x86_64-gcc10-UCRT 0.9.7 NOTE
r-patched-linux-x86_64 0.9.7 1564.28 50.54 1614.82 NOTE
r-release-linux-x86_64 0.9.7 1566.02 48.84 1614.86 NOTE
r-release-macos-x86_64 0.9.7 NOTE
r-release-windows-ix86+x86_64 0.9.7 2947.00 61.00 3008.00 NOTE
r-oldrel-macos-x86_64 0.9.7 NOTE
r-oldrel-windows-ix86+x86_64 0.9.7 743.00 58.00 801.00 NOTE

Check Details

Version: 0.9.7
Check: for GNU extensions in Makefiles
Result: NOTE
    GNU make is a SystemRequirements.
Flavors: r-devel-linux-x86_64-debian-clang, r-devel-linux-x86_64-debian-gcc, r-devel-linux-x86_64-fedora-clang, r-devel-linux-x86_64-fedora-gcc, r-devel-windows-ix86+x86_64, r-devel-windows-x86_64-gcc10-UCRT, r-patched-linux-x86_64, r-release-linux-x86_64, r-release-macos-x86_64, r-release-windows-ix86+x86_64, r-oldrel-macos-x86_64, r-oldrel-windows-ix86+x86_64

Version: 0.9.7
Check: installed package size
Result: NOTE
     installed size is 342.8Mb
     sub-directories of 1Mb or more:
     include 9.0Mb
     lib 333.4Mb
Flavors: r-devel-linux-x86_64-fedora-clang, r-devel-windows-ix86+x86_64, r-release-macos-x86_64, r-release-windows-ix86+x86_64, r-oldrel-macos-x86_64, r-oldrel-windows-ix86+x86_64