CRAN Package Check Results for Package BoomSpikeSlab

Last updated on 2020-02-27 16:49:11 CET.

Flavor Version Tinstall Tcheck Ttotal Status Flags
r-devel-linux-x86_64-debian-clang 1.2.1 46.38 158.57 204.95 OK
r-devel-linux-x86_64-debian-gcc 1.2.1 38.62 108.80 147.42 OK
r-devel-linux-x86_64-fedora-clang 1.2.1 263.87 NOTE
r-devel-linux-x86_64-fedora-gcc 1.2.1 245.07 OK
r-devel-windows-ix86+x86_64 1.2.1 91.00 345.00 436.00 NOTE
r-devel-windows-ix86+x86_64-gcc8 1.2.1 82.00 354.00 436.00 NOTE
r-patched-linux-x86_64 1.2.1 43.99 131.71 175.70 OK
r-release-linux-x86_64 1.2.1 42.76 133.32 176.08 OK
r-release-windows-ix86+x86_64 1.2.1 91.00 318.00 409.00 NOTE
r-release-osx-x86_64 1.2.1 NOTE
r-oldrel-windows-ix86+x86_64 1.2.1 91.00 329.00 420.00 NOTE
r-oldrel-osx-x86_64 1.2.1 NOTE

Check Details

Version: 1.2.1
Check: installed package size
Result: NOTE
     installed size is 76.9Mb
     sub-directories of 1Mb or more:
     libs 76.3Mb
Flavors: r-devel-linux-x86_64-fedora-clang, r-devel-windows-ix86+x86_64, r-devel-windows-ix86+x86_64-gcc8, r-release-windows-ix86+x86_64, r-release-osx-x86_64, r-oldrel-windows-ix86+x86_64, r-oldrel-osx-x86_64