CRAN Package Check Results for Package BoomSpikeSlab

Last updated on 2019-09-19 08:50:50 CEST.

Flavor Version Tinstall Tcheck Ttotal Status Flags
r-devel-linux-x86_64-debian-clang 1.2.1 40.28 151.66 191.94 OK
r-devel-linux-x86_64-debian-gcc 1.2.1 37.58 106.03 143.61 OK
r-devel-linux-x86_64-fedora-clang 1.2.1 264.41 NOTE
r-devel-linux-x86_64-fedora-gcc 1.2.1 245.63 OK
r-devel-windows-ix86+x86_64 1.2.1 114.00 408.00 522.00 NOTE
r-patched-linux-x86_64 1.2.1 43.79 140.74 184.53 OK
r-release-linux-x86_64 1.2.1 44.52 139.15 183.67 OK
r-release-windows-ix86+x86_64 1.2.1 114.00 307.00 421.00 NOTE
r-release-osx-x86_64 1.2.1 NOTE
r-oldrel-windows-ix86+x86_64 1.2.1 90.00 330.00 420.00 NOTE
r-oldrel-osx-x86_64 1.2.1 NOTE

Check Details

Version: 1.2.1
Check: installed package size
Result: NOTE
     installed size is 76.9Mb
     sub-directories of 1Mb or more:
     libs 76.3Mb
Flavors: r-devel-linux-x86_64-fedora-clang, r-devel-windows-ix86+x86_64, r-release-windows-ix86+x86_64, r-release-osx-x86_64, r-oldrel-windows-ix86+x86_64, r-oldrel-osx-x86_64