CRAN Package Check Results for Package BoomSpikeSlab

Last updated on 2021-06-23 22:54:10 CEST.

Flavor Version Tinstall Tcheck Ttotal Status Flags
r-devel-linux-x86_64-debian-clang 1.2.4 48.38 110.18 158.56 OK
r-devel-linux-x86_64-debian-gcc 1.2.4 35.55 84.85 120.40 OK
r-devel-linux-x86_64-fedora-clang 1.2.4 212.77 NOTE
r-devel-linux-x86_64-fedora-gcc 1.2.4 202.31 OK
r-devel-windows-x86_64 1.2.4 58.00 174.00 232.00 OK
r-devel-windows-x86_64-gcc10-UCRT 1.2.4 OK
r-patched-linux-x86_64 1.2.4 46.70 113.86 160.56 OK
r-release-linux-x86_64 1.2.4 46.71 109.36 156.07 OK
r-release-macos-arm64 1.2.4 NOTE
r-release-macos-x86_64 1.2.4 NOTE
r-release-windows-ix86+x86_64 1.2.4 111.00 230.00 341.00 NOTE
r-oldrel-macos-x86_64 1.2.4 NOTE

Check Details

Version: 1.2.4
Check: installed package size
Result: NOTE
     installed size is 72.5Mb
     sub-directories of 1Mb or more:
     libs 71.9Mb
Flavors: r-devel-linux-x86_64-fedora-clang, r-release-macos-arm64, r-release-macos-x86_64, r-release-windows-ix86+x86_64, r-oldrel-macos-x86_64