CRAN Package Check Results for Package Boruta

Last updated on 2019-02-15 20:46:40 CET.

Flavor Version Tinstall Tcheck Ttotal Status Flags
r-devel-linux-x86_64-debian-clang 6.0.0 5.51 77.68 83.19 OK
r-devel-linux-x86_64-debian-gcc 6.0.0 3.98 61.37 65.35 OK
r-devel-linux-x86_64-fedora-clang 6.0.0 95.34 OK
r-devel-linux-x86_64-fedora-gcc 6.0.0 94.12 OK
r-devel-windows-ix86+x86_64 6.0.0 11.00 278.00 289.00 FAIL
r-patched-linux-x86_64 6.0.0 4.81 72.55 77.36 OK
r-patched-solaris-x86 6.0.0 267.90 NOTE
r-release-linux-x86_64 6.0.0 3.94 73.24 77.18 OK
r-release-windows-ix86+x86_64 6.0.0 7.00 105.00 112.00 OK
r-release-osx-x86_64 6.0.0 OK
r-oldrel-windows-ix86+x86_64 6.0.0 12.00 150.00 162.00 OK
r-oldrel-osx-x86_64 6.0.0 OK

Check Details

Version: 6.0.0
Check: package dependencies
Result: FAIL
    
Flavor: r-devel-windows-ix86+x86_64

Version: 6.0.0
Check: package dependencies
Result: NOTE
    Package suggested but not available for checking: ‘xgboost’
Flavor: r-patched-solaris-x86

Version: 6.0.0
Check: Rd cross-references
Result: NOTE
    Package unavailable to check Rd xrefs: ‘xgboost’
Flavor: r-patched-solaris-x86