CRAN Package Check Results for Package BradleyTerryScalable

Last updated on 2018-02-22 16:47:32 CET.

Flavor Version Tinstall Tcheck Ttotal Status Flags
r-devel-linux-x86_64-debian-clang 0.1.0 68.41 39.47 107.88 OK
r-devel-linux-x86_64-debian-gcc 0.1.0 56.46 34.10 90.56 OK
r-devel-linux-x86_64-fedora-clang 0.1.0 159.47 NOTE
r-devel-linux-x86_64-fedora-gcc 0.1.0 151.55 NOTE
r-devel-windows-ix86+x86_64 0.1.0 167.00 84.00 251.00 OK
r-patched-linux-x86_64 0.1.0 66.40 55.94 122.34 OK
r-patched-solaris-x86 0.1.0 158.70 OK
r-release-linux-x86_64 0.1.0 64.38 54.73 119.11 OK
r-release-windows-ix86+x86_64 0.1.0 155.00 124.00 279.00 OK
r-release-osx-x86_64 0.1.0 OK
r-oldrel-windows-ix86+x86_64 0.1.0 126.00 86.00 212.00 OK
r-oldrel-osx-x86_64 0.1.0 OK

Check Details

Version: 0.1.0
Check: installed package size
Result: NOTE
     installed size is 5.9Mb
     sub-directories of 1Mb or more:
     libs 5.5Mb
Flavors: r-devel-linux-x86_64-fedora-clang, r-devel-linux-x86_64-fedora-gcc