CRAN Package Check Results for Package BradleyTerryScalable

Last updated on 2018-08-16 12:50:03 CEST.

Flavor Version Tinstall Tcheck Ttotal Status Flags
r-devel-linux-x86_64-debian-clang 0.1.0 65.00 48.26 113.26 OK
r-devel-linux-x86_64-debian-gcc 0.1.0 63.12 38.29 101.41 OK
r-devel-linux-x86_64-fedora-clang 0.1.0 164.58 NOTE
r-devel-linux-x86_64-fedora-gcc 0.1.0 157.81 OK
r-devel-windows-ix86+x86_64 0.1.0 161.00 118.00 279.00 OK
r-patched-linux-x86_64 0.1.0 76.52 41.83 118.35 OK
r-patched-solaris-x86 0.1.0 153.30 OK
r-release-linux-x86_64 0.1.0 77.86 42.38 120.24 OK
r-release-windows-ix86+x86_64 0.1.0 161.00 112.00 273.00 OK
r-release-osx-x86_64 0.1.0 OK
r-oldrel-windows-ix86+x86_64 0.1.0 161.00 112.00 273.00 OK
r-oldrel-osx-x86_64 0.1.0 OK

Check Details

Version: 0.1.0
Check: installed package size
Result: NOTE
     installed size is 6.0Mb
     sub-directories of 1Mb or more:
     libs 5.5Mb
Flavor: r-devel-linux-x86_64-fedora-clang