CRAN Package Check Results for Package BradleyTerryScalable

Last updated on 2018-10-16 23:49:48 CEST.

Flavor Version Tinstall Tcheck Ttotal Status Flags
r-devel-linux-x86_64-debian-clang 0.1.0 78.65 48.17 126.82 OK
r-devel-linux-x86_64-debian-gcc 0.1.0 61.17 38.68 99.85 OK
r-devel-linux-x86_64-fedora-clang 0.1.0 177.51 NOTE
r-devel-linux-x86_64-fedora-gcc 0.1.0 166.88 OK
r-devel-windows-ix86+x86_64 0.1.0 167.00 126.00 293.00 OK
r-patched-linux-x86_64 0.1.0 85.74 42.36 128.10 OK
r-patched-solaris-x86 0.1.0 146.30 OK
r-release-linux-x86_64 0.1.0 72.64 42.29 114.93 OK
r-release-windows-ix86+x86_64 0.1.0 168.00 101.00 269.00 OK
r-release-osx-x86_64 0.1.0 OK
r-oldrel-windows-ix86+x86_64 0.1.0 169.00 119.00 288.00 OK
r-oldrel-osx-x86_64 0.1.0 OK

Check Details

Version: 0.1.0
Check: installed package size
Result: NOTE
     installed size is 6.4Mb
     sub-directories of 1Mb or more:
     libs 6.0Mb
Flavor: r-devel-linux-x86_64-fedora-clang