CRAN Package Check Results for Package BradleyTerryScalable

Last updated on 2018-05-27 10:50:03 CEST.

Flavor Version Tinstall Tcheck Ttotal Status Flags
r-devel-linux-x86_64-debian-clang 0.1.0 79.58 48.20 127.78 OK
r-devel-linux-x86_64-debian-gcc 0.1.0 56.58 37.48 94.06 OK
r-devel-linux-x86_64-fedora-clang 0.1.0 160.50 NOTE
r-devel-linux-x86_64-fedora-gcc 0.1.0 148.61 NOTE
r-devel-windows-ix86+x86_64 0.1.0 115.00 81.00 196.00 OK
r-patched-linux-x86_64 0.1.0 72.27 43.62 115.89 OK
r-patched-solaris-x86 0.1.0 151.70 OK
r-release-linux-x86_64 0.1.0 68.93 42.97 111.90 OK
r-release-windows-ix86+x86_64 0.1.0 160.00 102.00 262.00 OK
r-release-osx-x86_64 0.1.0 OK
r-oldrel-windows-ix86+x86_64 0.1.0 170.00 86.00 256.00 OK
r-oldrel-osx-x86_64 0.1.0 OK

Check Details

Version: 0.1.0
Check: installed package size
Result: NOTE
     installed size is 6.0Mb
     sub-directories of 1Mb or more:
     libs 5.6Mb
Flavors: r-devel-linux-x86_64-fedora-clang, r-devel-linux-x86_64-fedora-gcc