CRAN Package Check Results for Package BrailleR

Last updated on 2018-11-17 06:46:35 CET.

Flavor Version Tinstall Tcheck Ttotal Status Flags
r-devel-linux-x86_64-debian-clang 0.29.1 15.56 196.64 212.20 NOTE
r-devel-linux-x86_64-debian-gcc 0.29.1 9.09 150.41 159.50 NOTE
r-devel-linux-x86_64-fedora-clang 0.29.1 262.43 NOTE
r-devel-linux-x86_64-fedora-gcc 0.29.1 243.03 NOTE
r-devel-windows-ix86+x86_64 0.29.1 31.00 263.00 294.00 OK
r-patched-linux-x86_64 0.29.1 11.52 187.73 199.25 NOTE
r-patched-solaris-x86 0.29.1 333.70 NOTE
r-release-linux-x86_64 0.29.1 13.47 187.16 200.63 NOTE
r-release-windows-ix86+x86_64 0.29.1 36.00 233.00 269.00 OK
r-release-osx-x86_64 0.29.1 OK
r-oldrel-windows-ix86+x86_64 0.29.1 32.00 298.00 330.00 OK
r-oldrel-osx-x86_64 0.29.1 OK

Check Details

Version: 0.29.1
Check: package dependencies
Result: NOTE
    Package suggested but not available for checking: ‘installr’
Flavors: r-devel-linux-x86_64-debian-clang, r-devel-linux-x86_64-debian-gcc, r-devel-linux-x86_64-fedora-clang, r-devel-linux-x86_64-fedora-gcc, r-patched-linux-x86_64, r-patched-solaris-x86, r-release-linux-x86_64