CRAN Package Check Results for Package BrailleR

Last updated on 2019-02-16 13:46:11 CET.

Flavor Version Tinstall Tcheck Ttotal Status Flags
r-devel-linux-x86_64-debian-clang 0.29.1 13.78 223.50 237.28 NOTE
r-devel-linux-x86_64-debian-gcc 0.29.1 12.19 166.98 179.17 NOTE
r-devel-linux-x86_64-fedora-clang 0.29.1 289.42 NOTE
r-devel-linux-x86_64-fedora-gcc 0.29.1 274.67 NOTE
r-devel-windows-ix86+x86_64 0.29.1 31.00 436.00 467.00 OK
r-patched-linux-x86_64 0.29.1 13.64 189.92 203.56 NOTE
r-patched-solaris-x86 0.29.1 331.20 NOTE
r-release-linux-x86_64 0.29.1 NOTE
r-release-windows-ix86+x86_64 0.29.1 26.00 180.00 206.00 OK
r-release-osx-x86_64 0.29.1 OK
r-oldrel-windows-ix86+x86_64 0.29.1 32.00 424.00 456.00 OK
r-oldrel-osx-x86_64 0.29.1 OK

Check Details

Version: 0.29.1
Check: package dependencies
Result: NOTE
    Package suggested but not available for checking: ‘installr’
Flavors: r-devel-linux-x86_64-debian-clang, r-devel-linux-x86_64-debian-gcc, r-devel-linux-x86_64-fedora-clang, r-devel-linux-x86_64-fedora-gcc, r-patched-linux-x86_64, r-patched-solaris-x86, r-release-linux-x86_64