CRAN Package Check Results for Package BrailleR

Last updated on 2018-08-19 02:47:40 CEST.

Flavor Version Tinstall Tcheck Ttotal Status Flags
r-devel-linux-x86_64-debian-clang 0.29.1 13.47 198.33 211.80 NOTE
r-devel-linux-x86_64-debian-gcc 0.29.1 11.23 151.85 163.08 NOTE
r-devel-linux-x86_64-fedora-clang 0.29.1 252.60 NOTE
r-devel-linux-x86_64-fedora-gcc 0.29.1 242.19 NOTE
r-devel-windows-ix86+x86_64 0.29.1 33.00 245.00 278.00 OK
r-patched-linux-x86_64 0.29.1 11.59 176.05 187.64 NOTE
r-patched-solaris-x86 0.29.1 326.70 NOTE
r-release-linux-x86_64 0.29.1 14.29 180.09 194.38 NOTE
r-release-windows-ix86+x86_64 0.29.1 30.00 257.00 287.00 OK
r-release-osx-x86_64 0.29.1 OK
r-oldrel-windows-ix86+x86_64 0.29.1 16.00 219.00 235.00 OK
r-oldrel-osx-x86_64 0.29.1 OK

Check Details

Version: 0.29.1
Check: package dependencies
Result: NOTE
    Package suggested but not available for checking: ‘installr’
Flavors: r-devel-linux-x86_64-debian-clang, r-devel-linux-x86_64-debian-gcc, r-devel-linux-x86_64-fedora-clang, r-devel-linux-x86_64-fedora-gcc, r-patched-linux-x86_64, r-patched-solaris-x86, r-release-linux-x86_64