CRAN Package Check Results for Package Buddle

Last updated on 2024-02-26 05:57:33 CET.

Flavor Version Tinstall Tcheck Ttotal Status Flags
r-devel-linux-x86_64-debian-clang 2.0.1 43.75 33.59 77.34 NOTE
r-devel-linux-x86_64-debian-gcc 2.0.1 41.46 27.15 68.61 NOTE
r-devel-linux-x86_64-fedora-clang 2.0.1 108.60 NOTE
r-devel-linux-x86_64-fedora-gcc 2.0.1 118.23 NOTE
r-devel-windows-x86_64 2.0.1 39.00 73.00 112.00 NOTE
r-patched-linux-x86_64 2.0.1 47.40 32.37 79.77 NOTE
r-release-linux-x86_64 2.0.1 46.36 33.39 79.75 NOTE
r-release-macos-arm64 2.0.1 34.00 NOTE
r-release-macos-x86_64 2.0.1 55.00 NOTE
r-release-windows-x86_64 2.0.1 50.00 75.00 125.00 NOTE
r-oldrel-macos-arm64 2.0.1 32.00 NOTE
r-oldrel-windows-x86_64 2.0.1 47.00 73.00 120.00 OK

Check Details

Version: 2.0.1
Check: C++ specification
Result: NOTE Specified C++11: please drop specification unless essential Flavors: r-devel-linux-x86_64-debian-clang, r-devel-linux-x86_64-debian-gcc, r-devel-linux-x86_64-fedora-clang, r-devel-linux-x86_64-fedora-gcc, r-devel-windows-x86_64, r-patched-linux-x86_64, r-release-linux-x86_64, r-release-macos-arm64, r-release-macos-x86_64, r-release-windows-x86_64

Version: 2.0.1
Check: installed package size
Result: NOTE installed size is 5.1Mb sub-directories of 1Mb or more: libs 5.0Mb Flavors: r-release-macos-arm64, r-oldrel-macos-arm64