Last updated on 2022-07-05 01:52:05 CEST.
Flavor | Version | Tinstall | Tcheck | Ttotal | Status | Flags |
---|---|---|---|---|---|---|
r-devel-linux-x86_64-debian-clang | 3.2.3 | 13.62 | 135.58 | 149.20 | OK | |
r-devel-linux-x86_64-debian-gcc | 3.2.3 | 9.70 | 100.42 | 110.12 | OK | |
r-devel-linux-x86_64-fedora-clang | 3.2.3 | 188.89 | WARN | |||
r-devel-linux-x86_64-fedora-gcc | 3.2.3 | 191.13 | WARN | |||
r-devel-windows-x86_64 | 3.2.3 | 20.00 | 149.00 | 169.00 | OK | |
r-patched-linux-x86_64 | 3.2.3 | 8.16 | 128.97 | 137.13 | OK | |
r-release-linux-x86_64 | 3.2.3 | 8.61 | 129.71 | 138.32 | OK | |
r-release-macos-arm64 | 3.2.3 | 46.00 | NOTE | |||
r-release-macos-x86_64 | 3.2.3 | 84.00 | NOTE | |||
r-release-windows-x86_64 | 3.2.3 | 24.00 | 152.00 | 176.00 | OK | |
r-oldrel-macos-arm64 | 3.2.3 | 42.00 | NOTE | |||
r-oldrel-macos-x86_64 | 3.2.3 | 66.00 | NOTE | |||
r-oldrel-windows-ix86+x86_64 | 3.2.3 | 31.00 | 149.00 | 180.00 | OK |
Version: 3.2.3
Check: package dependencies
Result: WARN
Requires (indirectly) orphaned package: ‘gtools’
Flavors: r-devel-linux-x86_64-fedora-clang, r-devel-linux-x86_64-fedora-gcc
Version: 3.2.3
Check: dependencies in R code
Result: NOTE
Namespaces in Imports field not imported from:
‘qgraph’ ‘reshape2’
All declared Imports should be used.
Flavors: r-devel-linux-x86_64-fedora-clang, r-devel-linux-x86_64-fedora-gcc, r-release-macos-arm64, r-release-macos-x86_64, r-oldrel-macos-arm64, r-oldrel-macos-x86_64