CRAN Package Check Results for Package C50

Last updated on 2018-08-22 08:48:43 CEST.

Flavor Version Tinstall Tcheck Ttotal Status Flags
r-devel-linux-x86_64-debian-clang 0.1.2 18.25 77.07 95.32 OK
r-devel-linux-x86_64-debian-gcc 0.1.2 14.70 61.35 76.05 WARN
r-devel-linux-x86_64-fedora-clang 0.1.2 113.46 OK
r-devel-linux-x86_64-fedora-gcc 0.1.2 108.96 WARN
r-devel-windows-ix86+x86_64 0.1.2 61.00 107.00 168.00 OK
r-patched-linux-x86_64 0.1.2 15.49 65.02 80.51 WARN
r-patched-solaris-x86 0.1.2 156.80 OK
r-release-linux-x86_64 0.1.2 15.64 63.71 79.35 WARN
r-release-windows-ix86+x86_64 0.1.2 82.00 137.00 219.00 OK
r-release-osx-x86_64 0.1.2 OK
r-oldrel-windows-ix86+x86_64 0.1.2 54.00 100.00 154.00 OK
r-oldrel-osx-x86_64 0.1.2 OK

Check Details

Version: 0.1.2
Check: whether package can be installed
Result: WARN
    Found the following significant warnings:
     hash.c:144:5: warning: ‘strncpy’ specified bound 2048 equals destination size [-Wstringop-truncation]
Flavors: r-devel-linux-x86_64-debian-gcc, r-devel-linux-x86_64-fedora-gcc, r-patched-linux-x86_64, r-release-linux-x86_64