CRAN Package Check Results for Package C50

Last updated on 2018-11-17 10:51:00 CET.

Flavor Version Tinstall Tcheck Ttotal Status Flags
r-devel-linux-x86_64-debian-clang 0.1.2 18.40 68.78 87.18 OK
r-devel-linux-x86_64-debian-gcc 0.1.2 13.79 54.55 68.34 WARN
r-devel-linux-x86_64-fedora-clang 0.1.2 113.85 OK
r-devel-linux-x86_64-fedora-gcc 0.1.2 101.15 WARN
r-devel-windows-ix86+x86_64 0.1.2 75.00 143.00 218.00 OK
r-patched-linux-x86_64 0.1.2 16.85 64.32 81.17 WARN
r-patched-solaris-x86 0.1.2 152.50 OK
r-release-linux-x86_64 0.1.2 16.17 64.22 80.39 WARN
r-release-windows-ix86+x86_64 0.1.2 77.00 112.00 189.00 OK
r-release-osx-x86_64 0.1.2 OK
r-oldrel-windows-ix86+x86_64 0.1.2 76.00 148.00 224.00 OK
r-oldrel-osx-x86_64 0.1.2 OK

Check Details

Version: 0.1.2
Check: whether package can be installed
Result: WARN
    Found the following significant warnings:
     hash.c:144:5: warning: ‘strncpy’ specified bound 2048 equals destination size [-Wstringop-truncation]
Flavors: r-devel-linux-x86_64-debian-gcc, r-devel-linux-x86_64-fedora-gcc, r-patched-linux-x86_64, r-release-linux-x86_64