CRAN Package Check Results for Package C50

Last updated on 2018-05-23 18:52:21 CEST.

Flavor Version Tinstall Tcheck Ttotal Status Flags
r-devel-linux-x86_64-debian-clang 0.1.1 19.32 74.17 93.49 OK
r-devel-linux-x86_64-debian-gcc 0.1.2 14.68 55.76 70.44 WARN
r-devel-linux-x86_64-fedora-clang 0.1.2 87.15 OK
r-devel-linux-x86_64-fedora-gcc 0.1.2 80.87 OK
r-devel-windows-ix86+x86_64 0.1.2 56.00 113.00 169.00 OK
r-patched-linux-x86_64 0.1.1 16.60 63.73 80.33 OK
r-patched-solaris-x86 0.1.2 144.30 OK
r-release-linux-x86_64 0.1.2 16.02 63.36 79.38 OK
r-release-windows-ix86+x86_64 0.1.1 74.00 130.00 204.00 OK
r-release-osx-x86_64 0.1.2 OK
r-oldrel-windows-ix86+x86_64 0.1.2 71.00 148.00 219.00 OK
r-oldrel-osx-x86_64 0.1.1 OK

Check Details

Version: 0.1.2
Check: package dependencies
Result: NOTE
    Package suggested but not available for checking: ‘recipes’
Flavor: r-devel-linux-x86_64-debian-gcc

Version: 0.1.2
Check: re-building of vignette outputs
Result: WARN
    Error in re-building vignettes:
     ...
    Warning in engine$weave(file, quiet = quiet, encoding = enc) :
     The vignette engine knitr::rmarkdown is not available, because the rmarkdown package is not installed. Please install it.
    Quitting from lines 11-14 (C5.0.Rmd)
    Error: processing vignette ‘C5.0.Rmd’ failed with diagnostics:
    there is no package called 'recipes'
    Execution halted
Flavor: r-devel-linux-x86_64-debian-gcc