CRAN Package Check Results for Package C50

Last updated on 2019-10-18 07:49:18 CEST.

Flavor Version Tinstall Tcheck Ttotal Status Flags
r-devel-linux-x86_64-debian-clang 0.1.2 23.35 71.27 94.62 WARN
r-devel-linux-x86_64-debian-gcc 0.1.2 15.56 57.65 73.21 WARN
r-devel-linux-x86_64-fedora-clang 0.1.2 115.15 WARN
r-devel-linux-x86_64-fedora-gcc 0.1.2 112.52 WARN
r-devel-windows-ix86+x86_64 0.1.2 77.00 156.00 233.00 WARN
r-patched-linux-x86_64 0.1.2 17.78 70.93 88.71 WARN
r-patched-solaris-x86 0.1.2 167.70 OK
r-release-linux-x86_64 0.1.2 16.18 71.62 87.80 WARN
r-release-windows-ix86+x86_64 0.1.2 56.00 111.00 167.00 OK
r-release-osx-x86_64 0.1.2 OK
r-oldrel-windows-ix86+x86_64 0.1.2 57.00 95.00 152.00 OK
r-oldrel-osx-x86_64 0.1.2 OK

Additional issues

LTO

Check Details

Version: 0.1.2
Check: whether package can be installed
Result: WARN
    Found the following significant warnings:
     rulebasedmodels.c:65:3: warning: expression result unused [-Wunused-value]
     rulebasedmodels.c:75:3: warning: expression result unused [-Wunused-value]
     rulebasedmodels.c:76:3: warning: expression result unused [-Wunused-value]
     rulebasedmodels.c:115:3: warning: expression result unused [-Wunused-value]
     rulebasedmodels.c:128:3: warning: expression result unused [-Wunused-value]
     rulebasedmodels.c:143:3: warning: expression result unused [-Wunused-value]
     rulebasedmodels.c:151:3: warning: expression result unused [-Wunused-value]
     rulebasedmodels.c:161:3: warning: expression result unused [-Wunused-value]
     rulebasedmodels.c:162:3: warning: expression result unused [-Wunused-value]
     rulebasedmodels.c:178:3: warning: expression result unused [-Wunused-value]
Flavors: r-devel-linux-x86_64-debian-clang, r-devel-linux-x86_64-fedora-clang

Version: 0.1.2
Check: whether package can be installed
Result: WARN
    Found the following significant warnings:
     /usr/include/x86_64-linux-gnu/bits/string_fortified.h:106:10: warning: ‘__builtin_strncpy’ specified bound 2048 equals destination size [-Wstringop-truncation]
     rulebasedmodels.c:65:3: warning: statement with no effect [-Wunused-value]
     rulebasedmodels.c:75:3: warning: statement with no effect [-Wunused-value]
     rulebasedmodels.c:76:3: warning: statement with no effect [-Wunused-value]
     rulebasedmodels.c:115:3: warning: statement with no effect [-Wunused-value]
     rulebasedmodels.c:128:3: warning: statement with no effect [-Wunused-value]
     rulebasedmodels.c:143:3: warning: statement with no effect [-Wunused-value]
     rulebasedmodels.c:151:3: warning: statement with no effect [-Wunused-value]
     rulebasedmodels.c:161:3: warning: statement with no effect [-Wunused-value]
     rulebasedmodels.c:162:3: warning: statement with no effect [-Wunused-value]
     rulebasedmodels.c:178:3: warning: statement with no effect [-Wunused-value]
Flavor: r-devel-linux-x86_64-debian-gcc

Version: 0.1.2
Check: whether package can be installed
Result: WARN
    Found the following significant warnings:
     /usr/include/bits/string_fortified.h:106:10: warning: ‘__builtin_strncpy’ specified bound 2048 equals destination size [-Wstringop-truncation]
     rulebasedmodels.c:65:3: warning: statement with no effect [-Wunused-value]
     rulebasedmodels.c:75:3: warning: statement with no effect [-Wunused-value]
     rulebasedmodels.c:76:3: warning: statement with no effect [-Wunused-value]
     rulebasedmodels.c:115:3: warning: statement with no effect [-Wunused-value]
     rulebasedmodels.c:128:3: warning: statement with no effect [-Wunused-value]
     rulebasedmodels.c:143:3: warning: statement with no effect [-Wunused-value]
     rulebasedmodels.c:151:3: warning: statement with no effect [-Wunused-value]
     rulebasedmodels.c:161:3: warning: statement with no effect [-Wunused-value]
     rulebasedmodels.c:162:3: warning: statement with no effect [-Wunused-value]
     rulebasedmodels.c:178:3: warning: statement with no effect [-Wunused-value]
Flavor: r-devel-linux-x86_64-fedora-gcc

Version: 0.1.2
Check: whether package can be installed
Result: WARN
    Found the following significant warnings:
     rulebasedmodels.c:65:3: warning: statement with no effect [-Wunused-value]
     rulebasedmodels.c:75:3: warning: statement with no effect [-Wunused-value]
     rulebasedmodels.c:76:3: warning: statement with no effect [-Wunused-value]
     rulebasedmodels.c:115:3: warning: statement with no effect [-Wunused-value]
     rulebasedmodels.c:128:3: warning: statement with no effect [-Wunused-value]
     rulebasedmodels.c:143:3: warning: statement with no effect [-Wunused-value]
     rulebasedmodels.c:151:3: warning: statement with no effect [-Wunused-value]
     rulebasedmodels.c:161:3: warning: statement with no effect [-Wunused-value]
     rulebasedmodels.c:162:3: warning: statement with no effect [-Wunused-value]
     rulebasedmodels.c:178:3: warning: statement with no effect [-Wunused-value]
Flavor: r-devel-windows-ix86+x86_64

Version: 0.1.2
Check: whether package can be installed
Result: WARN
    Found the following significant warnings:
     hash.c:144:5: warning: ‘strncpy’ specified bound 2048 equals destination size [-Wstringop-truncation]
Flavors: r-patched-linux-x86_64, r-release-linux-x86_64