CRAN Package Check Results for Package C50

Last updated on 2019-02-16 13:46:11 CET.

Flavor Version Tinstall Tcheck Ttotal Status Flags
r-devel-linux-x86_64-debian-clang 0.1.2 16.85 70.89 87.74 OK
r-devel-linux-x86_64-debian-gcc 0.1.2 13.24 55.64 68.88 WARN
r-devel-linux-x86_64-fedora-clang 0.1.2 109.95 OK
r-devel-linux-x86_64-fedora-gcc 0.1.2 105.90 WARN
r-devel-windows-ix86+x86_64 0.1.2 79.00 258.00 337.00 OK
r-patched-linux-x86_64 0.1.2 14.18 63.28 77.46 WARN
r-patched-solaris-x86 0.1.2 151.80 OK
r-release-linux-x86_64 0.1.2 WARN
r-release-windows-ix86+x86_64 0.1.2 57.00 97.00 154.00 OK
r-release-osx-x86_64 0.1.2 OK
r-oldrel-windows-ix86+x86_64 0.1.2 80.00 218.00 298.00 OK
r-oldrel-osx-x86_64 0.1.2 OK

Check Details

Version: 0.1.2
Check: whether package can be installed
Result: WARN
    Found the following significant warnings:
     hash.c:144:5: warning: ‘strncpy’ specified bound 2048 equals destination size [-Wstringop-truncation]
Flavors: r-devel-linux-x86_64-debian-gcc, r-devel-linux-x86_64-fedora-gcc, r-patched-linux-x86_64, r-release-linux-x86_64