CRAN Package Check Results for Package CADStat

Last updated on 2018-09-26 15:48:59 CEST.

Flavor Version Tinstall Tcheck Ttotal Status Flags
r-devel-linux-x86_64-debian-clang 3.0.8 12.69 125.08 137.77 OK
r-devel-linux-x86_64-debian-gcc 3.0.8 0.57 1.41 1.98 ERROR
r-devel-linux-x86_64-fedora-clang 3.0.8 156.60 OK
r-devel-linux-x86_64-fedora-gcc 3.0.8 151.28 OK
r-devel-windows-ix86+x86_64 3.0.8 28.00 161.00 189.00 OK
r-patched-linux-x86_64 3.0.8 10.74 102.08 112.82 OK
r-patched-solaris-x86 3.0.8 208.00 OK
r-release-linux-x86_64 3.0.8 11.45 103.42 114.87 OK
r-release-windows-ix86+x86_64 3.0.8 22.00 150.00 172.00 OK
r-release-osx-x86_64 3.0.8 OK
r-oldrel-windows-ix86+x86_64 3.0.8 17.00 131.00 148.00 OK
r-oldrel-osx-x86_64 3.0.8 OK

Check Details

Version: 3.0.8
Check: package dependencies
Result: ERROR
    Package required but not available: ‘car’
    
    See section ‘The DESCRIPTION file’ in the ‘Writing R Extensions’
    manual.
Flavor: r-devel-linux-x86_64-debian-gcc