CRAN Package Check Results for Package CADStat

Last updated on 2022-12-03 09:53:30 CET.

Flavor Version Tinstall Tcheck Ttotal Status Flags
r-devel-linux-x86_64-debian-clang 3.0.8 15.14 124.20 139.34 NOTE
r-devel-linux-x86_64-debian-gcc 3.0.8 12.26 93.90 106.16 NOTE
r-devel-linux-x86_64-fedora-clang 3.0.8 195.57 NOTE
r-devel-linux-x86_64-fedora-gcc 3.0.8 190.83 NOTE
r-devel-windows-x86_64 3.0.8 81.00 177.00 258.00 NOTE
r-patched-linux-x86_64 3.0.8 18.41 133.19 151.60 NOTE
r-release-linux-x86_64 3.0.8 20.62 134.97 155.59 NOTE
r-release-macos-arm64 3.0.8 78.00 NOTE
r-release-macos-x86_64 3.0.8 154.00 NOTE
r-release-windows-x86_64 3.0.8 83.00 159.00 242.00 NOTE
r-oldrel-macos-arm64 3.0.8 121.00 NOTE
r-oldrel-macos-x86_64 3.0.8 144.00 NOTE
r-oldrel-windows-ix86+x86_64 3.0.8 34.00 147.00 181.00 NOTE

Check Details

Version: 3.0.8
Check: LazyData
Result: NOTE
     'LazyData' is specified without a 'data' directory
Flavors: r-devel-linux-x86_64-debian-clang, r-devel-linux-x86_64-debian-gcc, r-devel-linux-x86_64-fedora-clang, r-devel-linux-x86_64-fedora-gcc, r-devel-windows-x86_64, r-patched-linux-x86_64, r-release-linux-x86_64, r-release-macos-arm64, r-release-macos-x86_64, r-release-windows-x86_64, r-oldrel-macos-arm64, r-oldrel-macos-x86_64, r-oldrel-windows-ix86+x86_64