CRAN Package Check Results for Package CAISEr

Last updated on 2018-08-21 21:50:57 CEST.

Flavor Version Tinstall Tcheck Ttotal Status Flags
r-devel-linux-x86_64-debian-clang 0.3.3 2.01 40.00 42.01 OK
r-devel-linux-x86_64-debian-gcc 0.3.3 1.13 31.15 32.28 OK
r-devel-linux-x86_64-fedora-clang 0.3.3 48.82 OK
r-devel-linux-x86_64-fedora-gcc 0.3.3 46.38 OK
r-devel-windows-ix86+x86_64 0.3.3 5.00 77.00 82.00 OK
r-patched-linux-x86_64 0.3.3 1.59 37.56 39.15 OK
r-patched-solaris-x86 0.3.3 67.80 OK
r-release-linux-x86_64 0.3.3 1.80 37.77 39.57 OK
r-release-windows-ix86+x86_64 0.3.3 5.00 74.00 79.00 OK
r-release-osx-x86_64 0.3.3 OK
r-oldrel-windows-ix86+x86_64 0.3.3 4.00 4.00 8.00 ERROR
r-oldrel-osx-x86_64 0.3.3 ERROR

Check Details

Version: 0.3.3
Check: package dependencies
Result: ERROR
    Package required and available but unsuitable version: 'parallel'
    
    See section 'The DESCRIPTION file' in the 'Writing R Extensions'
    manual.
Flavors: r-oldrel-windows-ix86+x86_64, r-oldrel-osx-x86_64