CRAN Package Check Results for Package CAISEr

Last updated on 2018-11-20 19:47:36 CET.

Flavor Version Tinstall Tcheck Ttotal Status Flags
r-devel-linux-x86_64-debian-clang 0.3.3 1.97 39.66 41.63 OK
r-devel-linux-x86_64-debian-gcc 0.3.3 1.49 30.97 32.46 OK
r-devel-linux-x86_64-fedora-clang 0.3.3 47.77 OK
r-devel-linux-x86_64-fedora-gcc 0.3.3 48.21 OK
r-devel-windows-ix86+x86_64 0.3.3 6.00 77.00 83.00 OK
r-patched-linux-x86_64 0.3.3 1.94 37.14 39.08 OK
r-patched-solaris-x86 0.3.3 64.40 OK
r-release-linux-x86_64 0.3.3 1.95 38.30 40.25 OK
r-release-windows-ix86+x86_64 0.3.3 4.00 80.00 84.00 OK
r-release-osx-x86_64 0.3.3 OK
r-oldrel-windows-ix86+x86_64 0.3.3 5.00 5.00 10.00 ERROR
r-oldrel-osx-x86_64 0.3.3 ERROR

Check Details

Version: 0.3.3
Check: package dependencies
Result: ERROR
    Package required and available but unsuitable version: 'parallel'
    
    See section 'The DESCRIPTION file' in the 'Writing R Extensions'
    manual.
Flavors: r-oldrel-windows-ix86+x86_64, r-oldrel-osx-x86_64