CRAN Package Check Results for Package CAISEr

Last updated on 2019-02-20 13:46:20 CET.

Flavor Version Tinstall Tcheck Ttotal Status Flags
r-devel-linux-x86_64-debian-clang 0.3.3 1.59 40.43 42.02 OK
r-devel-linux-x86_64-debian-gcc 0.3.3 1.78 30.78 32.56 OK
r-devel-linux-x86_64-fedora-clang 0.3.3 49.98 OK
r-devel-linux-x86_64-fedora-gcc 0.3.3 46.90 OK
r-devel-windows-ix86+x86_64 0.3.3 5.00 89.00 94.00 OK
r-patched-linux-x86_64 0.3.3 OK
r-patched-solaris-x86 0.3.3 69.10 OK
r-release-linux-x86_64 0.3.3 OK
r-release-windows-ix86+x86_64 0.3.3 3.00 71.00 74.00 OK
r-release-osx-x86_64 0.3.3 OK
r-oldrel-windows-ix86+x86_64 0.3.3 6.00 5.00 11.00 ERROR
r-oldrel-osx-x86_64 0.3.3 ERROR

Check Details

Version: 0.3.3
Check: package dependencies
Result: ERROR
    Package required and available but unsuitable version: 'parallel'
    
    See section 'The DESCRIPTION file' in the 'Writing R Extensions'
    manual.
Flavors: r-oldrel-windows-ix86+x86_64, r-oldrel-osx-x86_64