CRAN Package Check Results for Package CAISEr

Last updated on 2018-02-22 12:48:51 CET.

Flavor Version Tinstall Tcheck Ttotal Status Flags
r-devel-linux-x86_64-debian-clang 0.2.1 1.67 33.51 35.18 OK
r-devel-linux-x86_64-debian-gcc 0.2.1 1.32 30.65 31.97 OK
r-devel-linux-x86_64-fedora-clang 0.2.1 49.16 OK
r-devel-linux-x86_64-fedora-gcc 0.2.1 47.08 OK
r-devel-windows-ix86+x86_64 0.2.1 6.00 53.00 59.00 OK
r-patched-linux-x86_64 0.2.1 0.93 81.13 82.06 OK
r-patched-solaris-x86 0.2.1 138.00 OK
r-release-linux-x86_64 0.2.1 0.97 78.46 79.43 OK
r-release-windows-ix86+x86_64 0.2.1 3.00 153.00 156.00 OK
r-release-osx-x86_64 0.2.1 OK
r-oldrel-osx-x86_64 0.2.1 ERROR

Check Details

Version: 0.2.1
Check: whether package can be installed
Result: ERROR
    Installation failed.
Flavor: r-oldrel-osx-x86_64