Last updated on 2021-01-23 23:47:10 CET.
Flavor | Version | Tinstall | Tcheck | Ttotal | Status | Flags |
---|---|---|---|---|---|---|
r-devel-linux-x86_64-debian-clang | 3.1 | 71.86 | 276.67 | 348.53 | OK | |
r-devel-linux-x86_64-debian-gcc | 3.1 | 55.73 | 205.99 | 261.72 | OK | |
r-devel-linux-x86_64-fedora-clang | 3.1 | 450.69 | NOTE | |||
r-devel-linux-x86_64-fedora-gcc | 3.1 | 457.63 | OK | |||
r-devel-windows-ix86+x86_64 | 3.1 | 151.00 | 396.00 | 547.00 | OK | |
r-patched-linux-x86_64 | 3.1 | 65.12 | 252.15 | 317.27 | OK | |
r-patched-solaris-x86 | 3.1 | 516.70 | OK | |||
r-release-linux-x86_64 | 3.1 | 64.86 | 251.93 | 316.79 | OK | |
r-release-macos-x86_64 | 3.1 | NOTE | ||||
r-release-windows-ix86+x86_64 | 3.1 | 144.00 | 405.00 | 549.00 | OK | |
r-oldrel-macos-x86_64 | 3.1 | NOTE | ||||
r-oldrel-windows-ix86+x86_64 | 3.1 | 121.00 | 317.00 | 438.00 | OK |
Version: 3.1
Check: installed package size
Result: NOTE
installed size is 5.8Mb
sub-directories of 1Mb or more:
libs 4.4Mb
Flavors: r-devel-linux-x86_64-fedora-clang, r-release-macos-x86_64, r-oldrel-macos-x86_64