CRAN Package Check Results for Package CARBayesdata

Last updated on 2024-04-18 21:56:46 CEST.

Flavor Version Tinstall Tcheck Ttotal Status Flags
r-devel-linux-x86_64-debian-clang 3.0 2.84 28.42 31.26 OK
r-devel-linux-x86_64-debian-gcc 3.0 2.14 22.00 24.14 OK
r-devel-linux-x86_64-fedora-clang 3.0 39.04 NOTE
r-devel-linux-x86_64-fedora-gcc 3.0 37.91 NOTE
r-prerel-macos-arm64 3.0 17.00 OK
r-prerel-windows-x86_64 3.0 4.00 44.00 48.00 OK
r-patched-linux-x86_64 3.0 2.82 27.12 29.94 OK
r-release-linux-x86_64 3.0 2.63 26.86 29.49 OK
r-release-macos-arm64 3.0 19.00 OK
r-release-macos-x86_64 3.0 28.00 OK
r-release-windows-x86_64 3.0 4.00 45.00 49.00 OK
r-oldrel-macos-arm64 3.0 20.00 NOTE
r-oldrel-windows-x86_64 3.0 5.00 49.00 54.00 OK

Check Details

Version: 3.0
Check: data for non-ASCII characters
Result: NOTE Note: found 1 marked UTF-8 string Flavors: r-devel-linux-x86_64-fedora-clang, r-devel-linux-x86_64-fedora-gcc, r-oldrel-macos-arm64