CRAN Package Check Results for Package CAST

Last updated on 2018-08-15 18:47:48 CEST.

Flavor Version Tinstall Tcheck Ttotal Status Flags
r-devel-linux-x86_64-debian-clang 0.2.1 10.07 311.35 321.42 OK
r-devel-linux-x86_64-debian-gcc 0.2.1 9.36 259.42 268.78 OK
r-devel-linux-x86_64-fedora-clang 0.2.1 389.57 OK
r-devel-linux-x86_64-fedora-gcc 0.2.1 377.64 OK
r-devel-windows-ix86+x86_64 0.2.1 20.00 286.00 306.00 OK
r-patched-linux-x86_64 0.2.1 7.00 285.28 292.28 OK
r-patched-solaris-x86 0.2.1 241.20 WARN
r-release-linux-x86_64 0.2.1 8.74 290.12 298.86 OK
r-release-windows-ix86+x86_64 0.2.1 18.00 313.00 331.00 OK
r-release-osx-x86_64 0.2.1 WARN
r-oldrel-windows-ix86+x86_64 0.2.1 23.00 393.00 416.00 OK
r-oldrel-osx-x86_64 0.2.1 WARN

Check Details

Version: 0.2.1
Check: re-building of vignette outputs
Result: WARN
    Error in re-building vignettes:
     ...
    Warning in engine$weave(file, quiet = quiet, encoding = enc) :
     Pandoc (>= 1.12.3) and/or pandoc-citeproc not available. Falling back to R Markdown v1.
    CAST package:CAST R Documentation
    
    '_<08>c_<08>a_<08>r_<08>e_<08>t' _<08>A_<08>p_<08>p_<08>l_<08>i_<08>c_<08>a_<08>t_<08>i_<08>o_<08>n_<08>s _<08>f_<08>o_<08>r _<08>S_<08>p_<08>a_<08>t_<08>i_<08>a_<08>l-_<08>T_<08>e_<08>m_<08>p_<08>o_<08>r_<08>a_<08>l _<08>M_<08>o_<08>d_<08>e_<08>l_<08>s
    
    _<08>D_<08>e_<08>s_<08>c_<08>r_<08>i_<08>p_<08>t_<08>i_<08>o_<08>n:
    
     Supporting functionality to run 'caret' with spatial or
     spatial-temporal data. 'caret' is a frequently used package for
     model training and prediction using machine learning. This package
     includes functions to improve spatial-temporal modelling tasks
     using 'caret'. It prepares data for Leave-Location-Out and
     Leave-Time-Out cross-validation which are target-oriented
     validation strategies for spatial-temporal models. To decrease
     overfitting and improve model performances, the package implements
     a forward feature selection that selects suitable predictor
     variables in view to their contribution to the target-oriented
     performance.
    
    _<08>D_<08>e_<08>t_<08>a_<08>i_<08>l_<08>s:
    
     'caret' Applications for Spatio-Temporal models
    
    _<08>A_<08>u_<08>t_<08>h_<08>o_<08>r(_<08>s):
    
     Hanna Meyer, Christoph Reudenbach, Marvin Ludwig, Thomas Nauss
     _Maintainer:_ Hanna Meyer <email: hanna.meyer@geo.uni-marburg.de>
    
    
    PhantomJS not found. You can install it with webshot::install_phantomjs(). If it is installed, please make sure the phantomjs executable can be found via the PATH variable.
    Warning in normalizePath(f2) :
     path[1]="./webshot5a463d62ea8.png": No such file or directory
    Warning in file(con, "rb") :
     cannot open file './webshot5a463d62ea8.png': No such file or directory
    Quitting from lines 65-73 (CAST-intro.Rmd)
    Error: processing vignette 'CAST-intro.Rmd' failed with diagnostics:
    cannot open the connection
    Execution halted
Flavor: r-patched-solaris-x86

Version: 0.2.1
Check: re-building of vignette outputs
Result: WARN
    Error in re-building vignettes:
     ...
     validation strategies for spatial-temporal models. To decrease
     overfitting and improve model performances, the package implements
     a forward feature selection that selects suitable predictor
     variables in view to their contribution to the target-oriented
     performance.
    
    _<08>D_<08>e_<08>t_<08>a_<08>i_<08>l_<08>s:
    
     'caret' Applications for Spatio-Temporal models
    
    _<08>A_<08>u_<08>t_<08>h_<08>o_<08>r(_<08>s):
    
     Hanna Meyer, Christoph Reudenbach, Marvin Ludwig, Thomas Nauss
     _Maintainer:_ Hanna Meyer <email: hanna.meyer@geo.uni-marburg.de>
    
    
    PhantomJS not found. You can install it with webshot::install_phantomjs(). If it is installed, please make sure the phantomjs executable can be found via the PATH variable.
    Warning in normalizePath(f2) :
     path[1]="./webshotc7e75e840405.png": No such file or directory
    Warning in file(con, "rb") :
     cannot open file './webshotc7e75e840405.png': No such file or directory
    Quitting from lines 65-73 (CAST-intro.Rmd)
    Error: processing vignette 'CAST-intro.Rmd' failed with diagnostics:
    cannot open the connection
    Execution halted
Flavor: r-release-osx-x86_64

Version: 0.2.1
Check: re-building of vignette outputs
Result: WARN
    Error in re-building vignettes:
     ...
     validation strategies for spatial-temporal models. To decrease
     overfitting and improve model performances, the package implements
     a forward feature selection that selects suitable predictor
     variables in view to their contribution to the target-oriented
     performance.
    
    _<08>D_<08>e_<08>t_<08>a_<08>i_<08>l_<08>s:
    
     'caret' Applications for Spatio-Temporal models
    
    _<08>A_<08>u_<08>t_<08>h_<08>o_<08>r(_<08>s):
    
     Hanna Meyer, Christoph Reudenbach, Marvin Ludwig, Thomas Nauss
     _Maintainer:_ Hanna Meyer <email: hanna.meyer@geo.uni-marburg.de>
    
    
    PhantomJS not found. You can install it with webshot::install_phantomjs(). If it is installed, please make sure the phantomjs executable can be found via the PATH variable.
    Warning in normalizePath(f2) :
     path[1]="./webshotcc5c4206b35a.png": No such file or directory
    Warning in file(con, "rb") :
     cannot open file './webshotcc5c4206b35a.png': No such file or directory
    Quitting from lines 65-73 (CAST-intro.Rmd)
    Error: processing vignette 'CAST-intro.Rmd' failed with diagnostics:
    cannot open the connection
    Execution halted
Flavor: r-oldrel-osx-x86_64