CRAN Package Check Results for Package CDECRetrieve

Last updated on 2018-06-20 17:48:28 CEST.

Flavor Version Tinstall Tcheck Ttotal Status Flags
r-devel-linux-x86_64-debian-clang 0.1.1 1.22 31.10 32.32 OK
r-devel-linux-x86_64-debian-gcc 0.1.1 1.00 24.29 25.29 OK
r-devel-linux-x86_64-fedora-clang 0.1.1 28.65 ERROR
r-devel-linux-x86_64-fedora-gcc 0.1.1 27.14 ERROR
r-devel-windows-ix86+x86_64 0.1.1 7.00 72.00 79.00 OK
r-patched-linux-x86_64 0.1.1 1.26 29.97 31.23 OK
r-patched-solaris-x86 0.1.1 41.90 ERROR
r-release-linux-x86_64 0.1.1 1.29 29.02 30.31 OK
r-release-windows-ix86+x86_64 0.1.1 3.00 61.00 64.00 OK
r-release-osx-x86_64 0.1.1 NOTE
r-oldrel-windows-ix86+x86_64 0.1.1 3.00 55.00 58.00 WARN
r-oldrel-osx-x86_64 0.1.1 NOTE

Check Details

Version: 0.1.1
Check: dependencies in R code
Result: NOTE
    Namespaces in Imports field not imported from:
     ‘lazyeval’ ‘purrr’ ‘roxygen2’
     All declared Imports should be used.
Flavors: r-devel-linux-x86_64-fedora-clang, r-devel-linux-x86_64-fedora-gcc, r-patched-solaris-x86, r-release-osx-x86_64, r-oldrel-osx-x86_64

Version: 0.1.1
Check: examples
Result: ERROR
    Running examples in ‘CDECRetrieve-Ex.R’ failed
    The error most likely occurred in:
    
    > ### Name: cdec_rt
    > ### Title: Get a rating table
    > ### Aliases: cdec_rt
    >
    > ### ** Examples
    >
    > cdec_rt("abj") # get the stage to rating curve for ABJ
    Error in open.connection(x, "rb") :
     Timeout was reached: Connection timed out after 10000 milliseconds
    Calls: cdec_rt ... %in% -> cdec_rt_list -> <Anonymous> -> read_html.default
    Execution halted
Flavors: r-devel-linux-x86_64-fedora-clang, r-devel-linux-x86_64-fedora-gcc, r-patched-solaris-x86

Version: 0.1.1
Check: re-building of vignette outputs
Result: WARN
    Error in re-building vignettes:
     ...
    Quitting from lines 55-69 (CDECRetrieve.Rmd)
    Error: processing vignette 'CDECRetrieve.Rmd' failed with diagnostics:
    Timeout was reached: Connection timed out after 10000 milliseconds
    Execution halted
Flavor: r-devel-linux-x86_64-fedora-clang

Version: 0.1.1
Check: re-building of vignette outputs
Result: WARN
    Error in re-building vignettes:
     ...
    Quitting from lines 55-69 (CDECRetrieve.Rmd)
    Error: processing vignette 'CDECRetrieve.Rmd' failed with diagnostics:
    Timeout was reached: Connection timed out after 10001 milliseconds
    Execution halted
Flavor: r-devel-linux-x86_64-fedora-gcc

Version: 0.1.1
Check: re-building of vignette outputs
Result: WARN
    Error in re-building vignettes:
     ...
    Warning in engine$weave(file, quiet = quiet, encoding = enc) :
     Pandoc (>= 1.12.3) and/or pandoc-citeproc not available. Falling back to R Markdown v1.
    Quitting from lines 55-69 (CDECRetrieve.Rmd)
    Error: processing vignette 'CDECRetrieve.Rmd' failed with diagnostics:
    Timeout was reached: Connection timed out after 10000 milliseconds
    Execution halted
Flavor: r-patched-solaris-x86

Version: 0.1.1
Check: re-building of vignette outputs
Result: WARN
    Error in re-building vignettes:
     ...
    Quitting from lines 55-69 (CDECRetrieve.Rmd)
    Error: processing vignette 'CDECRetrieve.Rmd' failed with diagnostics:
    OpenSSL SSL_read: SSL_ERROR_SYSCALL, errno 10054
    Execution halted
Flavor: r-oldrel-windows-ix86+x86_64