CRAN Package Check Results for Package CDECRetrieve

Last updated on 2018-12-18 14:47:13 CET.

Flavor Version Tinstall Tcheck Ttotal Status Flags
r-devel-linux-x86_64-debian-clang 0.1.2 1.33 33.00 34.33 OK
r-devel-linux-x86_64-debian-gcc 0.1.2 1.06 26.21 27.27 OK
r-devel-linux-x86_64-fedora-clang 0.1.2 30.53 ERROR
r-devel-linux-x86_64-fedora-gcc 0.1.2 27.74 ERROR
r-devel-windows-ix86+x86_64 0.1.2 5.00 86.00 91.00 OK
r-patched-linux-x86_64 0.1.2 1.22 31.18 32.40 OK
r-patched-solaris-x86 0.1.2 41.60 ERROR
r-release-linux-x86_64 0.1.2 1.26 31.52 32.78 OK
r-release-windows-ix86+x86_64 0.1.2 6.00 100.00 106.00 OK
r-release-osx-x86_64 0.1.2 NOTE
r-oldrel-windows-ix86+x86_64 0.1.2 7.00 103.00 110.00 OK
r-oldrel-osx-x86_64 0.1.2 NOTE

Check Details

Version: 0.1.2
Check: dependencies in R code
Result: NOTE
    Namespaces in Imports field not imported from:
     ‘lazyeval’ ‘purrr’ ‘roxygen2’
     All declared Imports should be used.
Flavors: r-devel-linux-x86_64-fedora-clang, r-devel-linux-x86_64-fedora-gcc, r-patched-solaris-x86, r-release-osx-x86_64, r-oldrel-osx-x86_64

Version: 0.1.2
Check: examples
Result: ERROR
    Running examples in ‘CDECRetrieve-Ex.R’ failed
    The error most likely occurred in:
    
    > ### Name: cdec_rt
    > ### Title: Get a rating table
    > ### Aliases: cdec_rt
    >
    > ### ** Examples
    >
    > cdec_rt("abj") # get the stage to rating curve for ABJ
    Error in open.connection(x, "rb") :
     Timeout was reached: Connection timed out after 10000 milliseconds
    Calls: cdec_rt ... %in% -> cdec_rt_list -> <Anonymous> -> read_html.default
    Execution halted
Flavors: r-devel-linux-x86_64-fedora-clang, r-devel-linux-x86_64-fedora-gcc, r-patched-solaris-x86

Version: 0.1.2
Check: re-building of vignette outputs
Result: WARN
    Error in re-building vignettes:
     ...
    Quitting from lines 55-69 (CDECRetrieve.Rmd)
    Error: processing vignette 'CDECRetrieve.Rmd' failed with diagnostics:
    Timeout was reached: Connection timed out after 10000 milliseconds
    Execution halted
Flavor: r-devel-linux-x86_64-fedora-clang

Version: 0.1.2
Check: re-building of vignette outputs
Result: WARN
    Error in re-building vignettes:
     ...
    Quitting from lines 55-69 (CDECRetrieve.Rmd)
    Error: processing vignette 'CDECRetrieve.Rmd' failed with diagnostics:
    Timeout was reached: Connection timed out after 10001 milliseconds
    Execution halted
Flavor: r-devel-linux-x86_64-fedora-gcc

Version: 0.1.2
Check: re-building of vignette outputs
Result: WARN
    Error in re-building vignettes:
     ...
    Warning in engine$weave(file, quiet = quiet, encoding = enc) :
     Pandoc (>= 1.12.3) and/or pandoc-citeproc not available. Falling back to R Markdown v1.
    Quitting from lines 55-69 (CDECRetrieve.Rmd)
    Error: processing vignette 'CDECRetrieve.Rmd' failed with diagnostics:
    Timeout was reached: Connection timed out after 10000 milliseconds
    Execution halted
Flavor: r-patched-solaris-x86