CRAN Package Check Results for Package CDECRetrieve

Last updated on 2018-09-24 15:50:05 CEST.

Flavor Version Tinstall Tcheck Ttotal Status Flags
r-devel-linux-x86_64-debian-clang 0.1.2 1.17 27.22 28.39 ERROR
r-devel-linux-x86_64-debian-gcc 0.1.2 1.08 24.48 25.56 WARN
r-devel-linux-x86_64-fedora-clang 0.1.2 29.51 ERROR
r-devel-linux-x86_64-fedora-gcc 0.1.2 28.44 ERROR
r-devel-windows-ix86+x86_64 0.1.2 6.00 98.00 104.00 OK
r-patched-linux-x86_64 0.1.2 1.11 31.56 32.67 OK
r-patched-solaris-x86 0.1.2 42.40 ERROR
r-release-linux-x86_64 0.1.2 1.29 31.33 32.62 OK
r-release-windows-ix86+x86_64 0.1.2 7.00 104.00 111.00 OK
r-release-osx-x86_64 0.1.2 NOTE
r-oldrel-windows-ix86+x86_64 0.1.2 3.00 103.00 106.00 OK
r-oldrel-osx-x86_64 0.1.2 NOTE

Check Details

Version: 0.1.2
Check: examples
Result: ERROR
    Running examples in ‘CDECRetrieve-Ex.R’ failed
    The error most likely occurred in:
    
    > base::assign(".ptime", proc.time(), pos = "CheckExEnv")
    > ### Name: cdec_stations
    > ### Title: Search CDEC Stations
    > ### Aliases: cdec_stations
    >
    > ### ** Examples
    >
    > # cdec_stations() can be used to find locations within an area of interest
    > cdec_stations(county = "alameda")
    Error in curl::curl_fetch_memory(url, handle = handle) :
     Timeout was reached: Operation timed out after 10000 milliseconds with 0 out of 0 bytes received
    Calls: cdec_stations ... request_fetch -> request_fetch.write_memory -> <Anonymous>
    Execution halted
Flavor: r-devel-linux-x86_64-debian-clang

Version: 0.1.2
Check: re-building of vignette outputs
Result: WARN
    Error in re-building vignettes:
     ...
    Quitting from lines 55-69 (CDECRetrieve.Rmd)
    Error: processing vignette ‘CDECRetrieve.Rmd’ failed with diagnostics:
    Timeout was reached: Operation timed out after 10000 milliseconds with 0 out of 0 bytes received
    Execution halted
Flavor: r-devel-linux-x86_64-debian-clang

Version: 0.1.2
Check: re-building of vignette outputs
Result: WARN
    Error in re-building vignettes:
     ...
    Quitting from lines 55-69 (CDECRetrieve.Rmd)
    Error: processing vignette ‘CDECRetrieve.Rmd’ failed with diagnostics:
    Timeout was reached: Operation timed out after 10001 milliseconds with 0 out of 0 bytes received
    Execution halted
Flavor: r-devel-linux-x86_64-debian-gcc

Version: 0.1.2
Check: dependencies in R code
Result: NOTE
    Namespaces in Imports field not imported from:
     ‘lazyeval’ ‘purrr’ ‘roxygen2’
     All declared Imports should be used.
Flavors: r-devel-linux-x86_64-fedora-clang, r-devel-linux-x86_64-fedora-gcc, r-patched-solaris-x86, r-release-osx-x86_64, r-oldrel-osx-x86_64

Version: 0.1.2
Check: examples
Result: ERROR
    Running examples in ‘CDECRetrieve-Ex.R’ failed
    The error most likely occurred in:
    
    > ### Name: cdec_rt
    > ### Title: Get a rating table
    > ### Aliases: cdec_rt
    >
    > ### ** Examples
    >
    > cdec_rt("abj") # get the stage to rating curve for ABJ
    Error in open.connection(x, "rb") :
     Timeout was reached: Connection timed out after 10000 milliseconds
    Calls: cdec_rt ... %in% -> cdec_rt_list -> <Anonymous> -> read_html.default
    Execution halted
Flavors: r-devel-linux-x86_64-fedora-clang, r-devel-linux-x86_64-fedora-gcc, r-patched-solaris-x86

Version: 0.1.2
Check: re-building of vignette outputs
Result: WARN
    Error in re-building vignettes:
     ...
    Quitting from lines 55-69 (CDECRetrieve.Rmd)
    Error: processing vignette 'CDECRetrieve.Rmd' failed with diagnostics:
    Timeout was reached: Connection timed out after 10001 milliseconds
    Execution halted
Flavors: r-devel-linux-x86_64-fedora-clang, r-devel-linux-x86_64-fedora-gcc

Version: 0.1.2
Check: re-building of vignette outputs
Result: WARN
    Error in re-building vignettes:
     ...
    Warning in engine$weave(file, quiet = quiet, encoding = enc) :
     Pandoc (>= 1.12.3) and/or pandoc-citeproc not available. Falling back to R Markdown v1.
    Quitting from lines 55-69 (CDECRetrieve.Rmd)
    Error: processing vignette 'CDECRetrieve.Rmd' failed with diagnostics:
    Timeout was reached: Connection timed out after 10000 milliseconds
    Execution halted
Flavor: r-patched-solaris-x86