CRAN Package Check Results for Package CDFt

Last updated on 2019-12-06 03:47:16 CET.

Flavor Version Tinstall Tcheck Ttotal Status Flags
r-devel-linux-x86_64-debian-clang 1.0.1 2.01 18.04 20.05 NOTE
r-devel-linux-x86_64-debian-gcc 1.0.1 1.61 14.57 16.18 NOTE
r-devel-linux-x86_64-fedora-clang 1.0.1 27.77 NOTE
r-devel-linux-x86_64-fedora-gcc 1.0.1 23.76 NOTE
r-devel-windows-ix86+x86_64 1.0.1 7.00 28.00 35.00 NOTE
r-devel-windows-ix86+x86_64-gcc8 1.0.1 5.00 29.00 34.00 NOTE
r-patched-linux-x86_64 1.0.1 1.62 16.94 18.56 NOTE
r-patched-solaris-x86 1.0.1 36.90 NOTE
r-release-linux-x86_64 1.0.1 1.63 16.80 18.43 NOTE
r-release-windows-ix86+x86_64 1.0.1 5.00 37.00 42.00 NOTE
r-release-osx-x86_64 1.0.1 NOTE
r-oldrel-windows-ix86+x86_64 1.0.1 2.00 26.00 28.00 NOTE
r-oldrel-osx-x86_64 1.0.1 NOTE

Check Details

Version: 1.0.1
Check: R code for possible problems
Result: NOTE
    CDFt: no visible global function definition for 'ecdf'
    CDFt: no visible global function definition for 'quantile'
    CDFt: no visible global function definition for 'approx'
    KolmogorovSmirnov: no visible global function definition for 'ecdf'
    KolmogorovSmirnov: no visible global function definition for 'approx'
    Undefined global functions or variables:
     approx ecdf quantile
    Consider adding
     importFrom("stats", "approx", "ecdf", "quantile")
    to your NAMESPACE file.
Flavors: r-devel-linux-x86_64-debian-clang, r-devel-linux-x86_64-debian-gcc, r-devel-linux-x86_64-fedora-clang, r-devel-linux-x86_64-fedora-gcc, r-devel-windows-ix86+x86_64, r-devel-windows-ix86+x86_64-gcc8, r-patched-linux-x86_64, r-patched-solaris-x86, r-release-linux-x86_64, r-release-windows-ix86+x86_64, r-release-osx-x86_64, r-oldrel-windows-ix86+x86_64, r-oldrel-osx-x86_64

Version: 1.0.1
Check: Rd files
Result: NOTE
    prepare_Rd: CramerVonMisesTwoSamples.Rd:23: Dropping empty section \examples
    prepare_Rd: KolmogorovSmirnov.Rd:26: Dropping empty section \examples
Flavors: r-devel-linux-x86_64-debian-clang, r-devel-linux-x86_64-debian-gcc, r-devel-linux-x86_64-fedora-clang, r-devel-linux-x86_64-fedora-gcc, r-devel-windows-ix86+x86_64, r-devel-windows-ix86+x86_64-gcc8, r-patched-linux-x86_64, r-patched-solaris-x86, r-release-linux-x86_64, r-release-windows-ix86+x86_64, r-release-osx-x86_64, r-oldrel-windows-ix86+x86_64, r-oldrel-osx-x86_64