CRAN Package Check Results for Package CDVine

Last updated on 2019-02-17 21:47:27 CET.

Flavor Version Tinstall Tcheck Ttotal Status Flags
r-devel-linux-x86_64-debian-clang 1.4 17.36 62.20 79.56 OK
r-devel-linux-x86_64-debian-gcc 1.4 14.29 47.28 61.57 OK
r-devel-linux-x86_64-fedora-clang 1.4 97.46 NOTE
r-devel-linux-x86_64-fedora-gcc 1.4 90.15 NOTE
r-devel-windows-ix86+x86_64 1.4 35.00 79.00 114.00 OK
r-patched-linux-x86_64 1.4 13.02 58.05 71.07 OK
r-patched-solaris-x86 1.4 115.40 OK
r-release-linux-x86_64 1.4 OK
r-release-windows-ix86+x86_64 1.4 21.00 123.00 144.00 OK
r-release-osx-x86_64 1.4 OK
r-oldrel-windows-ix86+x86_64 1.4 17.00 95.00 112.00 OK
r-oldrel-osx-x86_64 1.4 OK

Check Details

Version: 1.4
Check: compiled code
Result: NOTE
    File ‘CDVine/libs/CDVine.so’:
     Found no calls to: ‘R_registerRoutines’, ‘R_useDynamicSymbols’
    
    It is good practice to register native routines and to disable symbol
    search.
    
    See ‘Writing portable packages’ in the ‘Writing R Extensions’ manual.
Flavors: r-devel-linux-x86_64-fedora-clang, r-devel-linux-x86_64-fedora-gcc