CRAN Package Check Results for Package CDVine

Last updated on 2018-05-21 05:51:19 CEST.

Flavor Version Tinstall Tcheck Ttotal Status Flags
r-devel-linux-x86_64-debian-clang 1.4 14.07 51.53 65.60 NOTE
r-devel-linux-x86_64-debian-gcc 1.4 13.25 44.34 57.59 NOTE
r-devel-linux-x86_64-fedora-clang 1.4 93.35 NOTE
r-devel-linux-x86_64-fedora-gcc 1.4 92.35 NOTE
r-devel-windows-ix86+x86_64 1.4 29.00 78.00 107.00 OK
r-patched-linux-x86_64 1.4 15.96 57.76 73.72 NOTE
r-patched-solaris-x86 1.4 125.80 OK
r-release-linux-x86_64 1.4 13.95 57.02 70.97 NOTE
r-release-windows-ix86+x86_64 1.4 35.00 96.00 131.00 OK
r-release-osx-x86_64 1.4 OK
r-oldrel-windows-ix86+x86_64 1.4 14.00 79.00 93.00 OK
r-oldrel-osx-x86_64 1.4 OK

Check Details

Version: 1.4
Check: compiled code
Result: NOTE
    File ‘CDVine/libs/CDVine.so’:
     Found no calls to: ‘R_registerRoutines’, ‘R_useDynamicSymbols’
    
    It is good practice to register native routines and to disable symbol
    search.
    
    See ‘Writing portable packages’ in the ‘Writing R Extensions’ manual.
Flavors: r-devel-linux-x86_64-debian-clang, r-devel-linux-x86_64-debian-gcc, r-devel-linux-x86_64-fedora-clang, r-devel-linux-x86_64-fedora-gcc, r-patched-linux-x86_64, r-release-linux-x86_64