CRAN Package Check Results for Package CDVine

Last updated on 2019-04-20 16:49:39 CEST.

Flavor Version Tinstall Tcheck Ttotal Status Flags
r-devel-linux-x86_64-debian-clang 1.4 18.07 61.84 79.91 OK
r-devel-linux-x86_64-debian-gcc 1.4 13.96 50.67 64.63 OK
r-devel-linux-x86_64-fedora-clang 1.4 100.26 NOTE
r-devel-linux-x86_64-fedora-gcc 1.4 95.75 NOTE
r-devel-windows-ix86+x86_64 1.4 36.00 104.00 140.00 OK
r-patched-linux-x86_64 1.4 15.53 61.39 76.92 OK
r-patched-solaris-x86 1.4 130.80 OK
r-release-linux-x86_64 1.4 14.27 59.70 73.97 OK
r-release-windows-ix86+x86_64 1.4 27.00 112.00 139.00 OK
r-release-osx-x86_64 1.4 OK
r-oldrel-windows-ix86+x86_64 1.4 16.00 121.00 137.00 OK
r-oldrel-osx-x86_64 1.4 OK

Check Details

Version: 1.4
Check: compiled code
Result: NOTE
    File ‘CDVine/libs/CDVine.so’:
     Found no calls to: ‘R_registerRoutines’, ‘R_useDynamicSymbols’
    
    It is good practice to register native routines and to disable symbol
    search.
    
    See ‘Writing portable packages’ in the ‘Writing R Extensions’ manual.
Flavors: r-devel-linux-x86_64-fedora-clang, r-devel-linux-x86_64-fedora-gcc