CRAN Package Check Results for Package CDVine

Last updated on 2018-11-17 12:51:17 CET.

Flavor Version Tinstall Tcheck Ttotal Status Flags
r-devel-linux-x86_64-debian-clang 1.4 11.69 60.26 71.95 OK
r-devel-linux-x86_64-debian-gcc 1.4 12.67 46.40 59.07 OK
r-devel-linux-x86_64-fedora-clang 1.4 91.33 NOTE
r-devel-linux-x86_64-fedora-gcc 1.4 89.91 NOTE
r-devel-windows-ix86+x86_64 1.4 32.00 97.00 129.00 OK
r-patched-linux-x86_64 1.4 14.13 57.71 71.84 OK
r-patched-solaris-x86 1.4 118.40 OK
r-release-linux-x86_64 1.4 14.47 57.75 72.22 OK
r-release-windows-ix86+x86_64 1.4 33.00 99.00 132.00 OK
r-release-osx-x86_64 1.4 OK
r-oldrel-windows-ix86+x86_64 1.4 21.00 111.00 132.00 OK
r-oldrel-osx-x86_64 1.4 OK

Check Details

Version: 1.4
Check: compiled code
Result: NOTE
    File ‘CDVine/libs/CDVine.so’:
     Found no calls to: ‘R_registerRoutines’, ‘R_useDynamicSymbols’
    
    It is good practice to register native routines and to disable symbol
    search.
    
    See ‘Writing portable packages’ in the ‘Writing R Extensions’ manual.
Flavors: r-devel-linux-x86_64-fedora-clang, r-devel-linux-x86_64-fedora-gcc