CRAN Package Check Results for Package CDVine

Last updated on 2018-08-21 12:50:21 CEST.

Flavor Version Tinstall Tcheck Ttotal Status Flags
r-devel-linux-x86_64-debian-clang 1.4 14.21 59.92 74.13 NOTE
r-devel-linux-x86_64-debian-gcc 1.4 11.22 45.89 57.11 NOTE
r-devel-linux-x86_64-fedora-clang 1.4 90.90 NOTE
r-devel-linux-x86_64-fedora-gcc 1.4 88.26 NOTE
r-devel-windows-ix86+x86_64 1.4 33.00 98.00 131.00 OK
r-patched-linux-x86_64 1.4 13.12 58.25 71.37 NOTE
r-patched-solaris-x86 1.4 121.90 OK
r-release-linux-x86_64 1.4 13.51 57.97 71.48 NOTE
r-release-windows-ix86+x86_64 1.4 34.00 74.00 108.00 OK
r-release-osx-x86_64 1.4 OK
r-oldrel-windows-ix86+x86_64 1.4 16.00 78.00 94.00 OK
r-oldrel-osx-x86_64 1.4 OK

Check Details

Version: 1.4
Check: compiled code
Result: NOTE
    File ‘CDVine/libs/CDVine.so’:
     Found no calls to: ‘R_registerRoutines’, ‘R_useDynamicSymbols’
    
    It is good practice to register native routines and to disable symbol
    search.
    
    See ‘Writing portable packages’ in the ‘Writing R Extensions’ manual.
Flavors: r-devel-linux-x86_64-debian-clang, r-devel-linux-x86_64-debian-gcc, r-devel-linux-x86_64-fedora-clang, r-devel-linux-x86_64-fedora-gcc, r-patched-linux-x86_64, r-release-linux-x86_64