CRAN Package Check Results for Package CEDA

Last updated on 2024-02-28 10:13:58 CET.

Flavor Version Tinstall Tcheck Ttotal Status Flags
r-devel-linux-x86_64-debian-clang 1.1.0 17.27 352.16 369.43 ERROR
r-devel-linux-x86_64-debian-gcc 1.1.1 12.85 265.24 278.09 OK
r-devel-linux-x86_64-fedora-clang 1.1.1 302.67 OK
r-devel-linux-x86_64-fedora-gcc 1.1.1 398.46 OK
r-devel-windows-x86_64 1.1.0 16.00 336.00 352.00 OK
r-patched-linux-x86_64 1.1.0 14.01 345.05 359.06 OK
r-release-linux-x86_64 1.1.0 15.18 335.27 350.45 ERROR
r-release-macos-arm64 1.1.1 153.00 OK
r-release-macos-x86_64 1.1.1 441.00 OK
r-release-windows-x86_64 1.1.0 20.00 376.00 396.00 ERROR
r-oldrel-macos-arm64 1.1.1 151.00 OK
r-oldrel-windows-x86_64 1.1.1 23.00 414.00 437.00 OK

Check Details

Version: 1.1.0
Check: re-building of vignette outputs
Result: ERROR Error(s) in re-building vignettes: ... --- re-building ‘Userguide.Rmd’ using rmarkdown Quitting from lines 190-191 [fig3] (Userguide.Rmd) Error: processing vignette 'Userguide.Rmd' failed with diagnostics: The `legend.text.align` theme element is not defined in the element hierarchy. --- failed re-building ‘Userguide.Rmd’ SUMMARY: processing the following file failed: ‘Userguide.Rmd’ Error: Vignette re-building failed. Execution halted Flavors: r-devel-linux-x86_64-debian-clang, r-release-linux-x86_64

Version: 1.1.0
Check: re-building of vignette outputs
Result: ERROR Error(s) in re-building vignettes: --- re-building 'Userguide.Rmd' using rmarkdown Quitting from lines 190-191 [fig3] (Userguide.Rmd) Error: processing vignette 'Userguide.Rmd' failed with diagnostics: The `legend.text.align` theme element is not defined in the element hierarchy. --- failed re-building 'Userguide.Rmd' SUMMARY: processing the following file failed: 'Userguide.Rmd' Error: Vignette re-building failed. Execution halted Flavor: r-release-windows-x86_64