Last updated on 2022-06-25 23:56:14 CEST.
Flavor | Version | Tinstall | Tcheck | Ttotal | Status | Flags |
---|---|---|---|---|---|---|
r-devel-linux-x86_64-debian-clang | 0.6.3 | 23.96 | 270.12 | 294.08 | OK | |
r-devel-linux-x86_64-debian-gcc | 0.6.3 | 16.18 | 194.56 | 210.74 | OK | |
r-devel-linux-x86_64-fedora-clang | 0.6.3 | 340.76 | WARN | |||
r-devel-linux-x86_64-fedora-gcc | 0.6.3 | 336.19 | WARN | |||
r-devel-windows-x86_64 | 0.6.3 | 90.00 | 320.00 | 410.00 | OK | |
r-patched-linux-x86_64 | 0.6.3 | 23.32 | 247.80 | 271.12 | OK | |
r-release-linux-x86_64 | 0.6.3 | 22.05 | 249.65 | 271.70 | OK | |
r-release-macos-arm64 | 0.6.3 | 127.00 | OK | |||
r-release-macos-x86_64 | 0.6.3 | 204.00 | OK | |||
r-release-windows-x86_64 | 0.6.3 | 83.00 | 288.00 | 371.00 | OK | |
r-oldrel-macos-arm64 | 0.6.3 | 189.00 | OK | |||
r-oldrel-macos-x86_64 | 0.6.3 | 281.00 | OK | |||
r-oldrel-windows-ix86+x86_64 | 0.6.3 | 48.00 | 328.00 | 376.00 | OK |
Version: 0.6.3
Check: package dependencies
Result: WARN
Requires (indirectly) orphaned package: ‘gtools’
Flavors: r-devel-linux-x86_64-fedora-clang, r-devel-linux-x86_64-fedora-gcc