CRAN Package Check Results for Package CHNOSZ

Last updated on 2018-02-20 13:49:45 CET.

Flavor Version Tinstall Tcheck Ttotal Status Flags
r-devel-linux-x86_64-debian-clang 1.1.3 17.39 283.70 301.09 OK
r-devel-linux-x86_64-debian-gcc 1.1.3 15.19 219.13 234.32 OK
r-devel-linux-x86_64-fedora-clang 1.1.3 348.76 OK
r-devel-linux-x86_64-fedora-gcc 1.1.3 344.95 OK
r-devel-windows-ix86+x86_64 1.1.3 26.00 373.00 399.00 NOTE
r-patched-linux-x86_64 1.1.3 4.79 332.40 337.19 OK
r-patched-solaris-x86 1.1.3 447.80 OK
r-release-linux-x86_64 1.1.3 4.80 330.13 334.93 OK
r-release-windows-ix86+x86_64 1.1.3 15.00 574.00 589.00 OK
r-release-osx-x86_64 1.1.3 OK
r-oldrel-windows-ix86+x86_64 1.1.3 24.00 514.00 538.00 OK
r-oldrel-osx-x86_64 1.1.3 OK

Additional issues

ATLAS

Check Details

Version: 1.1.3
Check: installed package size
Result: NOTE
     installed size is 5.3Mb
     sub-directories of 1Mb or more:
     doc 2.5Mb
Flavor: r-devel-windows-ix86+x86_64