CRAN Package Check Results for Package CHNOSZ

Last updated on 2018-11-21 13:48:20 CET.

Flavor Version Tinstall Tcheck Ttotal Status Flags
r-devel-linux-x86_64-debian-clang 1.1.3 14.36 281.72 296.08 OK
r-devel-linux-x86_64-debian-gcc 1.1.3 14.27 211.22 225.49 OK
r-devel-linux-x86_64-fedora-clang 1.1.3 349.24 OK
r-devel-linux-x86_64-fedora-gcc 1.1.3 342.44 OK
r-devel-windows-ix86+x86_64 1.1.3 44.00 512.00 556.00 NOTE
r-patched-linux-x86_64 1.1.3 13.79 273.20 286.99 OK
r-patched-solaris-x86 1.1.3 464.80 NOTE
r-release-linux-x86_64 1.1.3 14.42 275.35 289.77 OK
r-release-windows-ix86+x86_64 1.1.3 28.00 510.00 538.00 OK
r-release-osx-x86_64 1.1.3 OK
r-oldrel-windows-ix86+x86_64 1.1.3 23.00 433.00 456.00 OK
r-oldrel-osx-x86_64 1.1.3 OK

Check Details

Version: 1.1.3
Check: installed package size
Result: NOTE
     installed size is 5.3Mb
     sub-directories of 1Mb or more:
     doc 2.5Mb
Flavors: r-devel-windows-ix86+x86_64, r-patched-solaris-x86