CRAN Package Check Results for Package CHNOSZ

Last updated on 2018-08-20 09:47:32 CEST.

Flavor Version Tinstall Tcheck Ttotal Status Flags
r-devel-linux-x86_64-debian-clang 1.1.3 14.94 270.51 285.45 OK
r-devel-linux-x86_64-debian-gcc 1.1.3 14.12 209.95 224.07 OK
r-devel-linux-x86_64-fedora-clang 1.1.3 349.71 OK
r-devel-linux-x86_64-fedora-gcc 1.1.3 336.66 OK
r-devel-windows-ix86+x86_64 1.1.3 38.00 510.00 548.00 NOTE
r-patched-linux-x86_64 1.1.3 14.57 270.88 285.45 OK
r-patched-solaris-x86 1.1.3 462.40 NOTE
r-release-linux-x86_64 1.1.3 15.20 276.80 292.00 OK
r-release-windows-ix86+x86_64 1.1.3 36.00 526.00 562.00 OK
r-release-osx-x86_64 1.1.3 OK
r-oldrel-windows-ix86+x86_64 1.1.3 14.00 433.00 447.00 OK
r-oldrel-osx-x86_64 1.1.3 OK

Check Details

Version: 1.1.3
Check: installed package size
Result: NOTE
     installed size is 5.3Mb
     sub-directories of 1Mb or more:
     doc 2.5Mb
Flavors: r-devel-windows-ix86+x86_64, r-patched-solaris-x86