CRAN Package Check Results for Package CHNOSZ

Last updated on 2019-02-20 13:46:20 CET.

Flavor Version Tinstall Tcheck Ttotal Status Flags
r-devel-linux-x86_64-debian-clang 1.2.0 17.39 293.40 310.79 WARN
r-devel-linux-x86_64-debian-gcc 1.2.0 15.09 220.68 235.77 WARN
r-devel-linux-x86_64-fedora-clang 1.2.0 370.84 WARN
r-devel-linux-x86_64-fedora-gcc 1.2.0 349.35 WARN
r-devel-windows-ix86+x86_64 1.2.0 32.00 575.00 607.00 WARN
r-patched-linux-x86_64 1.2.0 OK
r-patched-solaris-x86 1.2.0 445.90 NOTE
r-release-linux-x86_64 1.2.0 OK
r-release-windows-ix86+x86_64 1.2.0 26.00 553.00 579.00 OK
r-release-osx-x86_64 1.2.0 OK
r-oldrel-windows-ix86+x86_64 1.2.0 17.00 491.00 508.00 OK
r-oldrel-osx-x86_64 1.2.0 OK

Additional issues

MKL OpenBLAS

Check Details

Version: 1.2.0
Check: contents of ‘data’ directory
Result: WARN
    Output for data("OBIGT"):
     data(OBIGT): please run data(thermo) first
     No dataset created in 'envir'
    Output for data("thermo"):
     data(thermo): attached environment "CHNOSZ"
     thermo$obigt: 1940 aqueous, 3450 total species
     No dataset created in 'envir'
     Search path was changed
Flavors: r-devel-linux-x86_64-debian-clang, r-devel-linux-x86_64-debian-gcc, r-devel-linux-x86_64-fedora-clang, r-devel-linux-x86_64-fedora-gcc, r-devel-windows-ix86+x86_64

Version: 1.2.0
Check: installed package size
Result: NOTE
     installed size is 5.2Mb
     sub-directories of 1Mb or more:
     doc 2.2Mb
Flavors: r-devel-windows-ix86+x86_64, r-patched-solaris-x86