CRAN Package Check Results for Package CHsharp

Last updated on 2023-06-10 23:05:47 CEST.

Flavor Version Tinstall Tcheck Ttotal Status Flags
r-devel-linux-x86_64-debian-clang 0.4 2.85 24.31 27.16 OK
r-devel-linux-x86_64-debian-gcc 0.4 2.18 19.42 21.60 OK
r-devel-linux-x86_64-fedora-clang 0.4 34.86 NOTE
r-devel-linux-x86_64-fedora-gcc 0.4 33.04 NOTE
r-devel-windows-x86_64 0.4 10.00 46.00 56.00 OK
r-patched-linux-x86_64 0.4 2.90 23.61 26.51 OK
r-release-linux-x86_64 0.4 2.28 23.57 25.85 OK
r-release-macos-arm64 0.4 15.00 OK
r-release-macos-x86_64 0.4 23.00 OK
r-release-windows-x86_64 0.4 5.00 45.00 50.00 OK
r-oldrel-macos-arm64 0.4 18.00 OK
r-oldrel-macos-x86_64 0.4 22.00 OK
r-oldrel-windows-x86_64 0.4 6.00 47.00 53.00 OK

Check Details

Version: 0.4
Check: compiled code
Result: NOTE
    File ‘CHsharp/libs/CHsharp.so’:
     Found no calls to: ‘R_registerRoutines’, ‘R_useDynamicSymbols’
    
    It is good practice to register native routines and to disable symbol
    search.
    
    See ‘Writing portable packages’ in the ‘Writing R Extensions’ manual.
Flavors: r-devel-linux-x86_64-fedora-clang, r-devel-linux-x86_64-fedora-gcc